{"id":941,"date":"2018-06-08T10:13:58","date_gmt":"2018-06-08T08:13:58","guid":{"rendered":"https:\/\/www.pamelatarget.com\/?page_id=941"},"modified":"2018-09-28T21:41:32","modified_gmt":"2018-09-28T19:41:32","slug":"pts01e18-credits","status":"publish","type":"page","link":"https:\/\/www.pamelatarget.com\/index.php\/pts01e18-credits\/","title":{"rendered":"PTS01E18 &#8211; \u00c7a va \u00eatre la f\u00eate du slip !"},"content":{"rendered":"<h3 style=\"text-align: center;\"><strong>PTS01E18 : Pr\u00eat ? \u00c7a va \u00eatre la f\u00eate du slip !<\/strong><i><br \/>\n<\/i><\/h3>\n<p style=\"text-align: center;\"><em>Pour lutter contre les grands m\u00e9chants de l&rsquo;arche, il va falloir s&rsquo;allier. <\/em><\/p>\n<p style=\"text-align: center;\"><em>Que vont bien pouvoir faire un drap, un slip et deux anciens adversaires ?<\/em><\/p>\n<p style=\"text-align: center;\">Branche tes \u00e9couteurs et Bim ! Lance la lecture :<\/p>\n<p><iframe loading=\"lazy\" src=\"https:\/\/w.soundcloud.com\/player\/?url=https%3A\/\/api.soundcloud.com\/tracks\/457674126&amp;color=%23ff5500&amp;auto_play=false&amp;hide_related=false&amp;show_comments=true&amp;show_user=true&amp;show_reposts=false&amp;show_teaser=true\" width=\"100%\" height=\"166\" frameborder=\"no\" scrolling=\"no\"><\/iframe><\/p>\n<p style=\"text-align: center;\">Pour ne pas rater les prochains \u00e9pisodes et si tu n&rsquo;es pas encore abonn\u00e9,<\/p>\n<p style=\"text-align: center;\">c&rsquo;est ici<span style=\"color: #800080;\"><strong> <a style=\"color: #800080;\" href=\"https:\/\/www.pamelatarget.com\/index.php\/vip-club\/\">CLUB VIP PAMELA TARGET<\/a>\u00a0<\/strong><\/span><\/p>\n<p><img loading=\"lazy\" decoding=\"async\" class=\"size-medium wp-image-944 aligncenter\" src=\"https:\/\/www.pamelatarget.com\/wp-content\/uploads\/2018\/06\/pamela-target-thumbnails300dpi18-300x300.png\" alt=\"\" width=\"300\" height=\"300\" \/><\/p>\n<p>&nbsp;<\/p>\n<h3>\u00a0<strong>CREDITS<\/strong><\/h3>\n<p><strong>Ecrit par<\/strong> Katia Grivot, David Neau et Pascal Senicourt<\/p>\n<p><strong>R\u00e9alis\u00e9, mont\u00e9 et mix\u00e9<\/strong> <strong>par<\/strong> Katia Grivot<\/p>\n<p><strong>Anim\u00e9 pour Youtube par<\/strong> Pascal Senicourt<\/p>\n<p><strong>Musiques <\/strong><\/p>\n<p>g\u00e9n\u00e9riques\u00a0par Domingo Olmo Martin<\/p>\n<p><span style=\"font-family: Times New Roman, serif;\"><span style=\"font-size: large;\"><span style=\"color: #222222;\">King&rsquo;s Men par<\/span>\u00a0<a href=\"https:\/\/www.youtube.com\/channel\/UCiA9pIqrXbKQ020XAXPcUvg\" target=\"_blank\" rel=\"noopener\">Biz Baz Studio<\/a><\/span><\/span><\/p>\n<p>&nbsp;<\/p>\n<h6><strong>Par ordre d\u2019apparition<\/strong><\/h6>\n<p>Bill le bousier : J\u00e9r\u00f4me Th\u00e9venet<\/p>\n<p>Julius Washington le hamster : Domingo Olmo Martin<\/p>\n<p>Luce le fant\u00f4me : Grika<\/p>\n<p>&nbsp;<\/p>\n<p>Dans cet e\u0301pisode de nombreux sons sont tire\u0301s de Freesound. Voici l\u2019ensemble des cre\u0301dits concerne\u0301s :<\/p>\n<p><a href=\"https:\/\/freesound.org\/people\/Benboncan\/sounds\/116730\/\" target=\"_blank\" rel=\"noopener\"><span style=\"font-family: Times New Roman, serif;\"><span style=\"font-size: large;\"><u>Drips In Mine.wav<\/u><\/span><\/span><\/a><span style=\"font-family: Times New Roman, serif;\"><span style=\"font-size: large;\"> by <\/span><\/span><a href=\"https:\/\/freesound.org\/people\/Benboncan\/\" target=\"_blank\" rel=\"noopener\"><span style=\"font-family: Times New Roman, serif;\"><span style=\"font-size: large;\"><u>Benboncan<\/u><\/span><\/span><\/a><span style=\"font-family: Times New Roman, serif;\"><span style=\"font-size: large;\"> | <\/span><\/span><span style=\"color: #929292;\"><span style=\"font-family: Times New Roman, serif;\"><span style=\"font-size: large;\">License: <\/span><\/span><\/span><span style=\"font-family: Times New Roman, serif;\"><span style=\"font-size: large;\">Attribution\u00a0<\/span><\/span><\/p>\n<p><a href=\"https:\/\/freesound.org\/people\/Beethovenboy\/sounds\/339152\/\" target=\"_blank\" rel=\"noopener\"><span style=\"color: #011993;\"><span style=\"font-family: Times New Roman, serif;\"><span style=\"font-size: large;\"><u>Welding<\/u><\/span><\/span><\/span><\/a><span style=\"font-family: Times New Roman, serif;\"><span style=\"font-size: large;\"> by <\/span><\/span><a href=\"https:\/\/freesound.org\/people\/Beethovenboy\/\" target=\"_blank\" rel=\"noopener\"><span style=\"color: #011993;\"><span style=\"font-family: Times New Roman, serif;\"><span style=\"font-size: large;\"><u>Beethovenboy<\/u><\/span><\/span><\/span><\/a><span style=\"font-family: Times New Roman, serif;\"><span style=\"font-size: large;\"> | <\/span><\/span><span style=\"color: #929292;\"><span style=\"font-family: Times New Roman, serif;\"><span style=\"font-size: large;\">License: <\/span><\/span><\/span><span style=\"font-family: Times New Roman, serif;\"><span style=\"font-size: large;\">Creative Commons 0\u00a0<\/span><\/span><\/p>\n<p><a href=\"https:\/\/freesound.org\/people\/mtheodp\/sounds\/363833\/\" target=\"_blank\" rel=\"noopener\"><span style=\"color: #011993;\"><span style=\"font-family: Times New Roman, serif;\"><span style=\"font-size: large;\"><u>Martillar metalico 1.wav<\/u><\/span><\/span><\/span><\/a><span style=\"color: #000000;\"><span style=\"font-family: Times New Roman, serif;\"><span style=\"font-size: large;\"> by <\/span><\/span><\/span><a href=\"https:\/\/freesound.org\/people\/mtheodp\/\" target=\"_blank\" rel=\"noopener\"><span style=\"color: #000000;\"><span style=\"font-family: Times New Roman, serif;\"><span style=\"font-size: large;\"><u>mtheodp<\/u><\/span><\/span><\/span><\/a><span style=\"color: #000000;\"><span style=\"font-family: Times New Roman, serif;\"><span style=\"font-size: large;\"> | <\/span><\/span><\/span><span style=\"color: #929292;\"><span style=\"font-family: Times New Roman, serif;\"><span style=\"font-size: large;\">License: <\/span><\/span><\/span><span style=\"color: #000000;\"><span style=\"font-family: Times New Roman, serif;\"><span style=\"font-size: large;\">Creative Commons 0\u00a0<\/span><\/span><\/span><\/p>\n<p><a href=\"https:\/\/freesound.org\/people\/deleted_user_7146007\/sounds\/383725\/\" target=\"_blank\" rel=\"noopener\"><span style=\"color: #011993;\"><span style=\"font-family: Times New Roman, serif;\"><span style=\"font-size: large;\"><u>Hand Saw Sawing Wood<\/u><\/span><\/span><\/span><\/a><span style=\"color: #000000;\"><span style=\"font-family: Times New Roman, serif;\"><span style=\"font-size: large;\"> by <\/span><\/span><\/span><a href=\"https:\/\/freesound.org\/people\/deleted_user_7146007\/\" target=\"_blank\" rel=\"noopener\"><span style=\"color: #000000;\"><span style=\"font-family: Times New Roman, serif;\"><span style=\"font-size: large;\"><u>deleted_user_7146007<\/u><\/span><\/span><\/span><\/a><span style=\"color: #000000;\"><span style=\"font-family: Times New Roman, serif;\"><span style=\"font-size: large;\"> | <\/span><\/span><\/span><span style=\"color: #929292;\"><span style=\"font-family: Times New Roman, serif;\"><span style=\"font-size: large;\">License: <\/span><\/span><\/span><span style=\"color: #000000;\"><span style=\"font-family: Times New Roman, serif;\"><span style=\"font-size: large;\">Creative Commons 0\u00a0<\/span><\/span><\/span><\/p>\n<p><a href=\"https:\/\/freesound.org\/people\/stiffman\/sounds\/381966\/\" target=\"_blank\" rel=\"noopener\"><span style=\"color: #011993;\"><span style=\"font-family: Times New Roman, serif;\"><span style=\"font-size: large;\"><u>sliding wooden door close mic follow door scrape 2.wav<\/u><\/span><\/span><\/span><\/a><span style=\"color: #000000;\"><span style=\"font-family: Times New Roman, serif;\"><span style=\"font-size: large;\"> by <\/span><\/span><\/span><a href=\"https:\/\/freesound.org\/people\/stiffman\/\" target=\"_blank\" rel=\"noopener\"><span style=\"color: #000000;\"><span style=\"font-family: Times New Roman, serif;\"><span style=\"font-size: large;\"><u>stiffman<\/u><\/span><\/span><\/span><\/a><span style=\"color: #000000;\"><span style=\"font-family: Times New Roman, serif;\"><span style=\"font-size: large;\"> | <\/span><\/span><\/span><span style=\"color: #929292;\"><span style=\"font-family: Times New Roman, serif;\"><span style=\"font-size: large;\">License: <\/span><\/span><\/span><span style=\"color: #000000;\"><span style=\"font-family: Times New Roman, serif;\"><span style=\"font-size: large;\">Attribution\u00a0<\/span><\/span><\/span><\/p>\n<p><a href=\"https:\/\/freesound.org\/people\/LamaMakesMusic\/sounds\/403537\/\" target=\"_blank\" rel=\"noopener\"><span style=\"color: #011993;\"><span style=\"font-family: Times New Roman, serif;\"><span style=\"font-size: large;\"><u>Door_Heavy_Reverb_Open_Close.wav<\/u><\/span><\/span><\/span><\/a><span style=\"color: #000000;\"><span style=\"font-family: Times New Roman, serif;\"><span style=\"font-size: large;\"> by <\/span><\/span><\/span><a href=\"https:\/\/freesound.org\/people\/LamaMakesMusic\/\" target=\"_blank\" rel=\"noopener\"><span style=\"color: #000000;\"><span style=\"font-family: Times New Roman, serif;\"><span style=\"font-size: large;\"><u>LamaMakesMusic<\/u><\/span><\/span><\/span><\/a><span style=\"color: #000000;\"><span style=\"font-family: Times New Roman, serif;\"><span style=\"font-size: large;\"> | <\/span><\/span><\/span><span style=\"color: #929292;\"><span style=\"font-family: Times New Roman, serif;\"><span style=\"font-size: large;\">License: <\/span><\/span><\/span><span style=\"color: #000000;\"><span style=\"font-family: Times New Roman, serif;\"><span style=\"font-size: large;\">Creative Commons 0\u00a0<\/span><\/span><\/span><\/p>\n<p><a href=\"https:\/\/freesound.org\/people\/qubodup\/sounds\/216744\/\" target=\"_blank\" rel=\"noopener\"><span style=\"color: #011993;\"><span style=\"font-family: Times New Roman, serif;\"><span style=\"font-size: large;\"><u>Retro Elevator<\/u><\/span><\/span><\/span><\/a><span style=\"color: #000000;\"><span style=\"font-family: Times New Roman, serif;\"><span style=\"font-size: large;\"> by <\/span><\/span><\/span><a href=\"https:\/\/freesound.org\/people\/qubodup\/\" target=\"_blank\" rel=\"noopener\"><span style=\"color: #000000;\"><span style=\"font-family: Times New Roman, serif;\"><span style=\"font-size: large;\"><u>qubodup<\/u><\/span><\/span><\/span><\/a><span style=\"color: #000000;\"><span style=\"font-family: Times New Roman, serif;\"><span style=\"font-size: large;\"> | <\/span><\/span><\/span><span style=\"color: #929292;\"><span style=\"font-family: Times New Roman, serif;\"><span style=\"font-size: large;\">License: <\/span><\/span><\/span><span style=\"color: #000000;\"><span style=\"font-family: Times New Roman, serif;\"><span style=\"font-size: large;\">Attribution<\/span><\/span><\/span><\/p>\n<p><a href=\"https:\/\/freesound.org\/people\/Walter_Odington\/sounds\/26189\/\" target=\"_blank\" rel=\"noopener\"><span style=\"color: #011993;\"><span style=\"font-family: Times New Roman, serif;\"><span style=\"font-size: large;\"><u>chimney wind 1.wav<\/u><\/span><\/span><\/span><\/a><span style=\"color: #000000;\"><span style=\"font-family: Times New Roman, serif;\"><span style=\"font-size: large;\"> by <\/span><\/span><\/span><a href=\"https:\/\/freesound.org\/people\/Walter_Odington\/\" target=\"_blank\" rel=\"noopener\"><span style=\"color: #000000;\"><span style=\"font-family: Times New Roman, serif;\"><span style=\"font-size: large;\"><u>Walter_Odington<\/u><\/span><\/span><\/span><\/a><span style=\"color: #000000;\"><span style=\"font-family: Times New Roman, serif;\"><span style=\"font-size: large;\"> | <\/span><\/span><\/span><span style=\"color: #929292;\"><span style=\"font-family: Times New Roman, serif;\"><span style=\"font-size: large;\">License: <\/span><\/span><\/span><span style=\"color: #000000;\"><span style=\"font-family: Times New Roman, serif;\"><span style=\"font-size: large;\">Creative Commons 0\u00a0<\/span><\/span><\/span><\/p>\n<p><a href=\"https:\/\/freesound.org\/people\/Iamgiorgio\/sounds\/371824\/\" target=\"_blank\" rel=\"noopener\"><span style=\"color: #011993;\"><span style=\"font-family: Times New Roman, serif;\"><span style=\"font-size: large;\"><u>I11_warehouse.mp3<\/u><\/span><\/span><\/span><\/a><span style=\"color: #000000;\"><span style=\"font-family: Times New Roman, serif;\"><span style=\"font-size: large;\"> by <\/span><\/span><\/span><a href=\"https:\/\/freesound.org\/people\/Iamgiorgio\/\" target=\"_blank\" rel=\"noopener\"><span style=\"color: #000000;\"><span style=\"font-family: Times New Roman, serif;\"><span style=\"font-size: large;\"><u>Iamgiorgio<\/u><\/span><\/span><\/span><\/a><span style=\"color: #000000;\"><span style=\"font-family: Times New Roman, serif;\"><span style=\"font-size: large;\"> | <\/span><\/span><\/span><span style=\"color: #929292;\"><span style=\"font-family: Times New Roman, serif;\"><span style=\"font-size: large;\">License: <\/span><\/span><\/span><span style=\"color: #000000;\"><span style=\"font-family: Times New Roman, serif;\"><span style=\"font-size: large;\">Creative Commons 0\u00a0<\/span><\/span><\/span><\/p>\n<p><a href=\"https:\/\/freesound.org\/people\/Bosk1\/sounds\/144083\/\" target=\"_blank\" rel=\"noopener\"><span style=\"color: #011993;\"><span style=\"font-family: Times New Roman, serif;\"><span style=\"font-size: large;\"><u>Wind Houling 1 .wav<\/u><\/span><\/span><\/span><\/a><span style=\"font-family: Times New Roman, serif;\"><span style=\"font-size: large;\"> by <\/span><\/span><a href=\"https:\/\/freesound.org\/people\/Bosk1\/\" target=\"_blank\" rel=\"noopener\"><span style=\"color: #011993;\"><span style=\"font-family: Times New Roman, serif;\"><span style=\"font-size: large;\"><u>Bosk1<\/u><\/span><\/span><\/span><\/a><span style=\"font-family: Times New Roman, serif;\"><span style=\"font-size: large;\"> | <\/span><\/span><span style=\"color: #929292;\"><span style=\"font-family: Times New Roman, serif;\"><span style=\"font-size: large;\">License: <\/span><\/span><\/span><span style=\"font-family: Times New Roman, serif;\"><span style=\"font-size: large;\">Attribution Noncommercial\u00a0<\/span><\/span><\/p>\n<p><a href=\"https:\/\/freesound.org\/people\/fusarof\/sounds\/237791\/\" target=\"_blank\" rel=\"noopener\"><span style=\"color: #011993;\"><span style=\"font-family: Times New Roman, serif;\"><span style=\"font-size: large;\"><u>door closed hardly.WAV<\/u><\/span><\/span><\/span><\/a><span style=\"color: #000000;\"><span style=\"font-family: Times New Roman, serif;\"><span style=\"font-size: large;\"> by <\/span><\/span><\/span><a href=\"https:\/\/freesound.org\/people\/fusarof\/\" target=\"_blank\" rel=\"noopener\"><span style=\"color: #000000;\"><span style=\"font-family: Times New Roman, serif;\"><span style=\"font-size: large;\"><u>fusarof<\/u><\/span><\/span><\/span><\/a><span style=\"color: #000000;\"><span style=\"font-family: Times New Roman, serif;\"><span style=\"font-size: large;\"> | <\/span><\/span><\/span><span style=\"color: #929292;\"><span style=\"font-family: Times New Roman, serif;\"><span style=\"font-size: large;\">License: <\/span><\/span><\/span><span style=\"color: #000000;\"><span style=\"font-family: Times New Roman, serif;\"><span style=\"font-size: large;\">Creative Commons 0\u00a0<\/span><\/span><\/span><\/p>\n<p><a href=\"https:\/\/freesound.org\/people\/Dimas3010\/sounds\/365642\/\" target=\"_blank\" rel=\"noopener\"><span style=\"color: #011993;\"><span style=\"font-family: Times New Roman, serif;\"><span style=\"font-size: large;\"><u>Old Elevator<\/u><\/span><\/span><\/span><\/a><span style=\"font-family: Times New Roman, serif;\"><span style=\"font-size: large;\"> by <\/span><\/span><a href=\"https:\/\/freesound.org\/people\/Dimas3010\/\" target=\"_blank\" rel=\"noopener\"><span style=\"color: #011993;\"><span style=\"font-family: Times New Roman, serif;\"><span style=\"font-size: large;\"><u>Dimas3010<\/u><\/span><\/span><\/span><\/a><span style=\"font-family: Times New Roman, serif;\"><span style=\"font-size: large;\"> | <\/span><\/span><span style=\"color: #929292;\"><span style=\"font-family: Times New Roman, serif;\"><span style=\"font-size: large;\">License: <\/span><\/span><\/span><span style=\"font-family: Times New Roman, serif;\"><span style=\"font-size: large;\">Creative Commons 0<\/span><\/span><\/p>\n<p align=\"left\"><strong>Vignette<\/strong> :<\/p>\n<div>Icons made by <a title=\"Vectors Market\" href=\"https:\/\/www.flaticon.com\/authors\/vectors-market\" target=\"_blank\" rel=\"noopener\">Vectors Market<\/a> from <a title=\"Flaticon\" href=\"https:\/\/www.flaticon.com\/\" target=\"_blank\" rel=\"noopener\">www.flaticon.com<\/a> is licensed by <a title=\"Creative Commons BY 3.0\" href=\"http:\/\/creativecommons.org\/licenses\/by\/3.0\/\" target=\"_blank\" rel=\"noopener\">CC 3.0 BY<\/a><\/div>\n<div>\n<p>&nbsp;<\/p>\n<p style=\"text-align: center;\">Tu peux aussi choisir un autre moyen d\u2019\u00e9coute. T\u2019inqui\u00e8te, c\u2019est gratuit :<\/p>\n<p><a href=\"https:\/\/itunes.apple.com\/fr\/podcast\/pamela-target-saison-1\/id1347089265?mt=2\" target=\"_blank\" rel=\"noopener\"><img loading=\"lazy\" decoding=\"async\" class=\"size-medium wp-image-479 aligncenter\" src=\"https:\/\/www.pamelatarget.com\/wp-content\/uploads\/2018\/02\/Get_it_on_iTunes_Badge_FR_1114-300x109.png\" alt=\"\" width=\"300\" height=\"109\" srcset=\"https:\/\/www.pamelatarget.com\/wp-content\/uploads\/2018\/02\/Get_it_on_iTunes_Badge_FR_1114-300x109.png 300w, https:\/\/www.pamelatarget.com\/wp-content\/uploads\/2018\/02\/Get_it_on_iTunes_Badge_FR_1114-768x279.png 768w, https:\/\/www.pamelatarget.com\/wp-content\/uploads\/2018\/02\/Get_it_on_iTunes_Badge_FR_1114-1024x372.png 1024w, https:\/\/www.pamelatarget.com\/wp-content\/uploads\/2018\/02\/Get_it_on_iTunes_Badge_FR_1114.png 1194w\" sizes=\"auto, (max-width: 300px) 100vw, 300px\" \/><\/a><\/p>\n<p>&nbsp;<\/p>\n<p><a href=\"https:\/\/soundcloud.com\/user-149328996\/s01ep18-ca-va-etre-la-fete-du-slip\" target=\"_blank\" rel=\"noopener\"><img loading=\"lazy\" decoding=\"async\" class=\"size-medium wp-image-477 aligncenter\" src=\"https:\/\/www.pamelatarget.com\/wp-content\/uploads\/2018\/02\/SoundCloud_logo_orange_color_plain.svg_-300x171.png\" alt=\"\" width=\"300\" height=\"171\" srcset=\"https:\/\/www.pamelatarget.com\/wp-content\/uploads\/2018\/02\/SoundCloud_logo_orange_color_plain.svg_-300x171.png 300w, https:\/\/www.pamelatarget.com\/wp-content\/uploads\/2018\/02\/SoundCloud_logo_orange_color_plain.svg_-768x438.png 768w, https:\/\/www.pamelatarget.com\/wp-content\/uploads\/2018\/02\/SoundCloud_logo_orange_color_plain.svg_-1024x584.png 1024w, https:\/\/www.pamelatarget.com\/wp-content\/uploads\/2018\/02\/SoundCloud_logo_orange_color_plain.svg_.png 1200w\" sizes=\"auto, (max-width: 300px) 100vw, 300px\" \/><\/a><\/p>\n<p>&nbsp;<\/p>\n<p><a href=\"https:\/\/www.deezer.com\/fr\/episode\/5288707\" target=\"_blank\" rel=\"noopener\"><img loading=\"lazy\" decoding=\"async\" class=\"size-medium wp-image-574 aligncenter\" src=\"https:\/\/www.pamelatarget.com\/wp-content\/uploads\/2018\/02\/deezer-logo-300x168.png\" alt=\"\" width=\"300\" height=\"168\" \/><\/a><\/p>\n<\/div>\n","protected":false},"excerpt":{"rendered":"<p>PTS01E18 : Pr\u00eat ? \u00c7a va \u00eatre la f\u00eate du slip ! Pour lutter contre les grands m\u00e9chants de l&rsquo;arche, il va falloir s&rsquo;allier. Que vont bien pouvoir faire un drap, un slip et deux anciens adversaires ? Branche tes \u00e9couteurs et Bim ! Lance la lecture : Pour ne pas rater les prochains \u00e9pisodes [&hellip;]<\/p>\n","protected":false},"author":2,"featured_media":944,"parent":0,"menu_order":0,"comment_status":"closed","ping_status":"closed","template":"","meta":{"footnotes":""},"class_list":["post-941","page","type-page","status-publish","has-post-thumbnail","hentry"],"_links":{"self":[{"href":"https:\/\/www.pamelatarget.com\/index.php\/wp-json\/wp\/v2\/pages\/941","targetHints":{"allow":["GET"]}}],"collection":[{"href":"https:\/\/www.pamelatarget.com\/index.php\/wp-json\/wp\/v2\/pages"}],"about":[{"href":"https:\/\/www.pamelatarget.com\/index.php\/wp-json\/wp\/v2\/types\/page"}],"author":[{"embeddable":true,"href":"https:\/\/www.pamelatarget.com\/index.php\/wp-json\/wp\/v2\/users\/2"}],"replies":[{"embeddable":true,"href":"https:\/\/www.pamelatarget.com\/index.php\/wp-json\/wp\/v2\/comments?post=941"}],"version-history":[{"count":6,"href":"https:\/\/www.pamelatarget.com\/index.php\/wp-json\/wp\/v2\/pages\/941\/revisions"}],"predecessor-version":[{"id":1255,"href":"https:\/\/www.pamelatarget.com\/index.php\/wp-json\/wp\/v2\/pages\/941\/revisions\/1255"}],"wp:featuredmedia":[{"embeddable":true,"href":"https:\/\/www.pamelatarget.com\/index.php\/wp-json\/wp\/v2\/media\/944"}],"wp:attachment":[{"href":"https:\/\/www.pamelatarget.com\/index.php\/wp-json\/wp\/v2\/media?parent=941"}],"curies":[{"name":"wp","href":"https:\/\/api.w.org\/{rel}","templated":true}]}}