{"id":778,"date":"2018-03-29T11:52:41","date_gmt":"2018-03-29T09:52:41","guid":{"rendered":"https:\/\/www.pamelatarget.com\/?page_id=778"},"modified":"2018-09-29T15:35:09","modified_gmt":"2018-09-29T13:35:09","slug":"pt-s01e09-credits","status":"publish","type":"page","link":"https:\/\/www.pamelatarget.com\/index.php\/pt-s01e09-credits\/","title":{"rendered":"PT S01E09 &#8211; OMG, pas la fosse \u00e0 purin !"},"content":{"rendered":"<h3 style=\"text-align: center;\"><strong>PTS01E09 : \u00ab\u00a0OMG, pas la fosse \u00e0 purin !\u00a0\u00bb<\/strong><\/h3>\n<p style=\"text-align: center;\">Toujours coinc\u00e9s dans leur boule de morve indestructible, nos h\u00e9ros sont \u00e0 pr\u00e9sent pourchass\u00e9s<\/p>\n<p style=\"text-align: center;\">par une horde de robots patrouilleurs GROFAYOs. Et l\u00e0, splaouch !\u00a0Ils ont plong\u00e9 dans la m&#8230;<\/p>\n<p style=\"text-align: center;\">Branche tes \u00e9couteurs et Bim ! Lance la lecture :<\/p>\n<p>&nbsp;<\/p>\n<p><iframe loading=\"lazy\" src=\"https:\/\/w.soundcloud.com\/player\/?url=https%3A\/\/api.soundcloud.com\/tracks\/424602045&amp;color=%23ff5500&amp;auto_play=false&amp;hide_related=false&amp;show_comments=true&amp;show_user=true&amp;show_reposts=false&amp;show_teaser=true\" width=\"100%\" height=\"166\" frameborder=\"no\" scrolling=\"no\"><\/iframe><\/p>\n<p style=\"text-align: center;\">Pour ne pas rater les prochains \u00e9pisodes et si tu n&rsquo;es pas encore abonn\u00e9,<\/p>\n<p style=\"text-align: center;\">c&rsquo;est ici<span style=\"color: #800080;\"><strong> <a style=\"color: #800080;\" href=\"https:\/\/www.pamelatarget.com\/index.php\/vip-club\/\">CLUB VIP PAMELA TARGET<\/a>\u00a0<\/strong><\/span><\/p>\n<p><img loading=\"lazy\" decoding=\"async\" width=\"300\" height=\"300\" class=\"aligncenter size-full wp-image-795\" src=\"https:\/\/www.pamelatarget.com\/wp-content\/uploads\/2018\/04\/pamela-target-thumbnails-9-300dpi.png\" alt=\"\" srcset=\"https:\/\/www.pamelatarget.com\/wp-content\/uploads\/2018\/04\/pamela-target-thumbnails-9-300dpi.png 300w, https:\/\/www.pamelatarget.com\/wp-content\/uploads\/2018\/04\/pamela-target-thumbnails-9-300dpi-150x150.png 150w\" sizes=\"auto, (max-width: 300px) 100vw, 300px\" \/><\/p>\n<p>&nbsp;<\/p>\n<h3><\/h3>\n<h3>\u00a0<strong>CREDITS<\/strong><\/h3>\n<p class=\"western\"><strong>Ecrit<\/strong> par Katia Grivot, David Neau et Pascal Senicourt<\/p>\n<p class=\"western\"><strong>R\u00e9alis\u00e9, mont\u00e9 et mix\u00e9<\/strong> par Katia Grivot<\/p>\n<p class=\"western\"><strong>Anim\u00e9 pour Youtube<\/strong> par Pascal Senicourt<\/p>\n<p class=\"western\"><strong>Musiques<\/strong> <i><b> <\/b><\/i><\/p>\n<p class=\"western\">g\u00e9n\u00e9riques\u00a0par Domingo Olmo Martin <i> <\/i><\/p>\n<p class=\"western\">Extinction Level Event par Jingle Punks<\/p>\n<p class=\"western\">The Flag par <a href=\"https:\/\/fr.audionetwork.com\/browse\/m\/composer\/oliver-ledbury_201\" target=\"_blank\" rel=\"noopener\">Oliver Ledbury (PRS)<\/a><\/p>\n<p class=\"western\"><i> <\/i>Bus Da Blockbuster par <a href=\"https:\/\/www.youtube.com\/channel\/UCwhJTv7O8EmDwyvqMBLHcHg\" target=\"_blank\" rel=\"noopener\">Doug Maxwell\/Media Right Productions<\/a><\/p>\n<p>&nbsp;<\/p>\n<h6 class=\"western\"><strong>Par ordre d\u2019apparition<\/strong><\/h6>\n<p class=\"western\">Julius Washington le hamster\u00a0: Domingo Olmo Martin<\/p>\n<p class=\"western\">Bruce l\u2019\u00e9meu\u00a0: David Chamalet<\/p>\n<p class=\"western\">Bill le Bousier\u00a0: J\u00e9rome Th\u00e9venet<\/p>\n<p class=\"western\">Robot patrouilleur\u00a0: Domingo Olmo Martin<\/p>\n<p class=\"western\">Paulo Le blaireau \u00a0: Pascal Senicourt<\/p>\n<p class=\"western\">Ryu le Fugu\u00a0: David Neau<\/p>\n<p class=\"western\">Giulietta la cochonne \u00a0: Grika<\/p>\n<p class=\"western\">L\u2019ordinateur central Ally\u00a0: Grika<\/p>\n<p>&nbsp;<\/p>\n<p>Dans cet \u00e9pisode de nombreux sons sont tir\u00e9s de Freesound. Voici l\u2019ensemble des cr\u00e9dits concern\u00e9s\u00a0:<i><\/i><\/p>\n<p><i><a href=\"https:\/\/freesound.org\/people\/THE_bizniss\/sounds\/39459\/\" target=\"_blank\" rel=\"noopener\">laser.wav<\/a> by <a href=\"https:\/\/freesound.org\/people\/THE_bizniss\/\" target=\"_blank\" rel=\"noopener\">THE_bizniss<\/a> | <\/i><i>License: <\/i><i>Attribution <\/i> <i><a href=\"https:\/\/freesound.org\/people\/mitchelk\/sounds\/136804\/\" target=\"_blank\" rel=\"noopener\">Robotfx1<\/a> by <a href=\"https:\/\/freesound.org\/people\/mitchelk\/\" target=\"_blank\" rel=\"noopener\">mitchelk<\/a> | <\/i><i>License: <\/i><i>Creative Commons 0<br \/>\n<\/i><\/p>\n<p><i><a href=\"https:\/\/freesound.org\/people\/misjoc\/sounds\/401968\/\" target=\"_blank\" rel=\"noopener\">Robot arm, drill machine .wav<\/a> by <a href=\"https:\/\/freesound.org\/people\/misjoc\/\" target=\"_blank\" rel=\"noopener\">misjoc<\/a> | <\/i><i>License: <\/i><i>Creative Commons 0 <\/i><\/p>\n<p><i><a href=\"https:\/\/freesound.org\/people\/Anton\/sounds\/13764\/\" target=\"_blank\" rel=\"noopener\">sowing machine gritty loop.wav<\/a> by <a href=\"https:\/\/freesound.org\/people\/Anton\/\" target=\"_blank\" rel=\"noopener\">Anton<\/a> | <\/i><i>License: <\/i><i>Attribution<br \/>\n<\/i><\/p>\n<p><i><a href=\"https:\/\/freesound.org\/people\/YleArkisto\/sounds\/340735\/\" target=\"_blank\" rel=\"noopener\">Kamera, taskukamera, pokkari \/ Camera, photo camera, small pocket camera, automatic, film, shots, shutter, click, interior, a close sound (Samsung-Zoom)<\/a> by <a href=\"https:\/\/freesound.org\/people\/YleArkisto\/\" target=\"_blank\" rel=\"noopener\">YleArkisto<\/a> | <\/i><i>License: <\/i><i>Attribution<br \/>\n<\/i><\/p>\n<p><i><a href=\"https:\/\/freesound.org\/people\/Archeos\/sounds\/325548\/\" target=\"_blank\" rel=\"noopener\">Man screaming.wav<\/a> by <a href=\"https:\/\/freesound.org\/people\/Archeos\/\" target=\"_blank\" rel=\"noopener\">Archeos<\/a> | <\/i><i>License: <\/i><i>Creative Commons 0 <\/i><\/p>\n<p><i><\/i><i><a href=\"https:\/\/freesound.org\/people\/JohnsonBrandEditing\/sounds\/173945\/\" target=\"_blank\" rel=\"noopener\">uman male scream small crowd panic fear.mp3<\/a> by <a href=\"https:\/\/freesound.org\/people\/JohnsonBrandEditing\/\" target=\"_blank\" rel=\"noopener\">JohnsonBrandEditing<\/a> | <\/i><i>License: <\/i><i>Creative Commons 0<br \/>\n<\/i><\/p>\n<p><i><a href=\"https:\/\/freesound.org\/people\/InspectorJ\/sounds\/352101\/\" target=\"_blank\" rel=\"noopener\">Splash, Jumping, A.wav<\/a> by <a href=\"https:\/\/freesound.org\/people\/InspectorJ\/\" target=\"_blank\" rel=\"noopener\">InspectorJ<\/a> | <\/i><i>License: <\/i><i>Attribution <\/i> <i><a href=\"https:\/\/freesound.org\/people\/dawidwmika\/sounds\/372518\/\" target=\"_blank\" rel=\"noopener\">la<\/a><a href=\"https:\/\/freesound.org\/people\/dawidwmika\/sounds\/372518\/\" target=\"_blank\" rel=\"noopener\">ke swimming<\/a> by <a href=\"https:\/\/freesound.org\/people\/dawidwmika\/\" target=\"_blank\" rel=\"noopener\">dawidwmika<\/a> | <\/i><i>License: <\/i><i>Creative Commons 0 <\/i><\/p>\n<p><a href=\"https:\/\/freesound.org\/people\/jjhouse4\/sounds\/201199\/\" target=\"_blank\" rel=\"noopener\">Swimming Stroke.wav<\/a> by <a href=\"https:\/\/freesound.org\/people\/jjhouse4\/\" target=\"_blank\" rel=\"noopener\">jjhouse4<\/a> | License: Attribution <i><\/i><\/p>\n<p><i><a href=\"https:\/\/freesound.org\/people\/suonho\/sounds\/17783\/\" target=\"_blank\" rel=\"noopener\">ELEMENTS_WATER_02_Phasin-bubbles.wav<\/a> by <a href=\"https:\/\/freesound.org\/people\/suonho\/\" target=\"_blank\" rel=\"noopener\">suonho<\/a> | <\/i><i>License: <\/i><i>Attribution <\/i><\/p>\n<p><a href=\"https:\/\/freesound.org\/people\/sarson\/sounds\/144201\/\" target=\"_blank\" rel=\"noopener\">Drowning.wav<\/a> by <a href=\"https:\/\/freesound.org\/people\/sarson\/\" target=\"_blank\" rel=\"noopener\">sarson<\/a> | License: Creative Commons 0<\/p>\n<p><a href=\"https:\/\/freesound.org\/people\/crk365\/sounds\/31795\/\" target=\"_blank\" rel=\"noopener\">tas beachside 22feb07.mp3<\/a> by <a href=\"https:\/\/freesound.org\/people\/crk365\/\" target=\"_blank\" rel=\"noopener\">crk365<\/a> | License: Attribution<\/p>\n<p><i><a href=\"https:\/\/freesound.org\/people\/sarana\/sounds\/81833\/\" target=\"_blank\" rel=\"noopener\">water_splashes_in_a_tube.wav<\/a> by <a href=\"https:\/\/freesound.org\/people\/sarana\/\" target=\"_blank\" rel=\"noopener\">sarana<\/a> | <\/i><i>License: <\/i><i>Attribution<br \/>\n<\/i><\/p>\n<p><i><a href=\"https:\/\/freesound.org\/people\/ben_jamin0\/sounds\/116656\/\" target=\"_blank\" rel=\"noopener\">Scuba Tanks &#8211; Breathing, dive.WAV<\/a> by <a href=\"https:\/\/freesound.org\/people\/ben_jamin0\/\" target=\"_blank\" rel=\"noopener\">ben_jamin0<\/a> | <\/i><i>License: <\/i><i>Attribution<br \/>\n<\/i><\/p>\n<p><i><a href=\"https:\/\/freesound.org\/people\/swordofkings128\/sounds\/398036\/\" target=\"_blank\" rel=\"noopener\">water swimming 2<\/a> by <a href=\"https:\/\/freesound.org\/people\/swordofkings128\/\" target=\"_blank\" rel=\"noopener\">swordofkings128<\/a> | <\/i><i>License: <\/i><i>Creative Commons 0<br \/>\n<\/i><\/p>\n<p><i><a href=\"https:\/\/freesound.org\/people\/InspectorJ\/sounds\/398701\/\" target=\"_blank\" rel=\"noopener\">Water Swirl, Small, 10.wav<\/a> by <a href=\"https:\/\/freesound.org\/people\/InspectorJ\/\" target=\"_blank\" rel=\"noopener\">InspectorJ<\/a> | <\/i><i>License: <\/i><i>Attribution<br \/>\n<\/i><\/p>\n<p><i><a href=\"https:\/\/freesound.org\/people\/Ryding\/sounds\/125968\/\" target=\"_blank\" rel=\"noopener\">Grandfather clock.wav<\/a> by <a href=\"https:\/\/freesound.org\/people\/Ryding\/\" target=\"_blank\" rel=\"noopener\">Ryding<\/a> | <\/i><i>License: <\/i><i>Creative Commons 0 <\/i><\/p>\n<p><i><a href=\"https:\/\/freesound.org\/people\/jmdh\/sounds\/388314\/\" target=\"_blank\" rel=\"noopener\">Regency chimes 1<\/a> by <a href=\"https:\/\/freesound.org\/people\/jmdh\/\" target=\"_blank\" rel=\"noopener\">jmdh<\/a> | <\/i><i>License: <\/i><i>Creative Commons 0 <\/i><\/p>\n<p><i><a href=\"https:\/\/freesound.org\/people\/Skullsmasha\/sounds\/123253\/\" target=\"_blank\" rel=\"noopener\">MechanicalClamp.wav<\/a> by <a href=\"https:\/\/freesound.org\/people\/Skullsmasha\/\" target=\"_blank\" rel=\"noopener\">Skullsmasha<\/a> | <\/i><i>License: <\/i><i>Creative Commons 0 <\/i><\/p>\n<p><i><a href=\"https:\/\/freesound.org\/people\/ondrosik\/sounds\/195324\/\" target=\"_blank\" rel=\"noopener\">water_wheel.wav<\/a> by <a href=\"https:\/\/freesound.org\/people\/ondrosik\/\" target=\"_blank\" rel=\"noopener\">ondrosik<\/a> | <\/i><i>License: <\/i><i>Attribution<br \/>\n<\/i><\/p>\n<p><i><a href=\"https:\/\/freesound.org\/people\/PMBROWNE\/sounds\/268692\/\" target=\"_blank\" rel=\"noopener\">DISHWASHER DIAL<\/a> by <a href=\"https:\/\/freesound.org\/people\/PMBROWNE\/\" target=\"_blank\" rel=\"noopener\">PMBROWNE<\/a> | <\/i><i>License: <\/i><i>Attribution<br \/>\n<\/i><\/p>\n<p><i><a href=\"https:\/\/freesound.org\/people\/locontrario23\/sounds\/395923\/\" target=\"_blank\" rel=\"noopener\">Noisy sliding door<\/a> by <a href=\"https:\/\/freesound.org\/people\/locontrario23\/\" target=\"_blank\" rel=\"noopener\">locontrario23<\/a> | <\/i><i>License: <\/i><i>Creative Commons 0 <\/i> <i><\/i><\/p>\n<p><i><a href=\"https:\/\/freesound.org\/people\/YleArkisto\/sounds\/329499\/\" target=\"_blank\" rel=\"noopener\">Rautapuomi, portti \/ A rusty iron bar, gate, opening and closing, metal squeaking, screeching and rattling, exterior <\/a>by <a href=\"https:\/\/freesound.org\/people\/YleArkisto\/\" target=\"_blank\" rel=\"noopener\">YleArkisto<\/a> | <\/i><i>License: <\/i><i>Attribution <\/i> <i><\/i><\/p>\n<p><i><a href=\"https:\/\/freesound.org\/people\/jjhouse4\/sounds\/201199\/\" target=\"_blank\" rel=\"noopener\">Swimming Stroke.wav<\/a> by <a href=\"https:\/\/freesound.org\/people\/jjhouse4\/\" target=\"_blank\" rel=\"noopener\">jjhouse4<\/a> | <\/i><i>License: <\/i><i>Attribution<br \/>\n<\/i><\/p>\n<p><i><a href=\"https:\/\/freesound.org\/people\/Cribbler\/sounds\/396310\/\" target=\"_blank\" rel=\"noopener\">watersplashing.WAV<\/a> by <a href=\"https:\/\/freesound.org\/people\/Cribbler\/\" target=\"_blank\" rel=\"noopener\">Cribbler<\/a> | <\/i><i>License: <\/i><i>Creative Commons 0<\/i><\/p>\n<p><i> <\/i> <i><a href=\"https:\/\/freesound.org\/people\/AGFX\/sounds\/20431\/\" target=\"_blank\" rel=\"noopener\">Water slosh spashing-1.wav<\/a> by <a href=\"https:\/\/freesound.org\/people\/AGFX\/\" target=\"_blank\" rel=\"noopener\">AGFX<\/a> | <\/i><i>License: <\/i><i>Attribution <\/i><\/p>\n<p><i><a href=\"https:\/\/freesound.org\/people\/Juan_Merie_Venter\/sounds\/327667\/\" target=\"_blank\" rel=\"noopener\">Getting out of the pool.wav<\/a> by <a href=\"https:\/\/freesound.org\/people\/Juan_Merie_Venter\/\" target=\"_blank\" rel=\"noopener\">Juan_Merie_Venter<\/a> | <\/i><i>License: <\/i><i>Attribution Noncommercial <\/i> <i><\/i><\/p>\n<p><i><a href=\"https:\/\/freesound.org\/people\/170084\/sounds\/410325\/\" target=\"_blank\" rel=\"noopener\">Metal bar rattling<\/a><a href=\"https:\/\/freesound.org\/people\/Juane170058\/sounds\/407546\/\" target=\"_blank\" rel=\"noopener\"> by <\/a><a href=\"https:\/\/freesound.org\/people\/170084\/\" target=\"_blank\" rel=\"noopener\">170084<\/a><a href=\"https:\/\/freesound.org\/people\/Juane170058\/sounds\/407546\/\" target=\"_blank\" rel=\"noopener\"> | License: Attribution Noncommercial <\/a><\/i><\/p>\n<p><i><a href=\"https:\/\/freesound.org\/people\/Juane170058\/sounds\/407546\/\" target=\"_blank\" rel=\"noopener\">Shaking on steel bars<\/a> by <a href=\"https:\/\/freesound.org\/people\/Juane170058\/\" target=\"_blank\" rel=\"noopener\">Juane170058<\/a> | <\/i><i>License: <\/i><i>Attribution Noncommercial <\/i><\/p>\n<p><i><\/i><i><\/i><i><a href=\"https:\/\/freesound.org\/people\/coltures\/sounds\/391470\/\" target=\"_blank\" rel=\"noopener\">Industiral Ladder<\/a> by <a href=\"https:\/\/freesound.org\/people\/coltures\/\" target=\"_blank\" rel=\"noopener\">coltures<\/a> | <\/i><i>License: <\/i><i>Creative Commons 0<br \/>\n<\/i><\/p>\n<p><i><a href=\"https:\/\/freesound.org\/people\/Rach_Capache\/sounds\/366415\/\" target=\"_blank\" rel=\"noopener\">Drawing Curtains.wav<\/a> by <a href=\"https:\/\/freesound.org\/people\/Rach_Capache\/\" target=\"_blank\" rel=\"noopener\">Rach_Capache<\/a> | <\/i><i>License: <\/i><i>Attribution Noncommercial<\/i> <i><\/i><\/p>\n<p><i><a href=\"https:\/\/freesound.org\/people\/wjoojoo\/sounds\/275715\/\" target=\"_blank\" rel=\"noopener\">scraping_weed_puller_on_metal01.wav<\/a> by <a href=\"https:\/\/freesound.org\/people\/wjoojoo\/\" target=\"_blank\" rel=\"noopener\">wjoojoo<\/a> | <\/i><i>License: <\/i><i>Attribution<br \/>\n<\/i><\/p>\n<p><i><a href=\"https:\/\/freesound.org\/people\/RICHERlandTV\/sounds\/232358\/\" target=\"_blank\" rel=\"noopener\">Heavy Impacts<\/a> by <a href=\"https:\/\/freesound.org\/people\/RICHERlandTV\/\" target=\"_blank\" rel=\"noopener\">RICHERlandTV<\/a> | <\/i><i>License: <\/i><i>Attribution <\/i> <i><br \/>\n<\/i><\/p>\n<p><i><a href=\"https:\/\/freesound.org\/people\/heyim89yearsold\/sounds\/259974\/\" target=\"_blank\" rel=\"noopener\">Sliding Glass Door-005.wav<\/a> by <a href=\"https:\/\/freesound.org\/people\/heyim89yearsold\/\" target=\"_blank\" rel=\"noopener\">heyim89yearsold<\/a> | <\/i><i>License: <\/i><i>Attribution<br \/>\n<\/i><\/p>\n<p><i><a href=\"https:\/\/freesound.org\/people\/kernschall\/sounds\/411106\/\" target=\"_blank\" rel=\"noopener\">thin metal sliding door close noslam<\/a> by <a href=\"https:\/\/freesound.org\/people\/kernschall\/\" target=\"_blank\" rel=\"noopener\">kernschall<\/a> | <\/i><i>License: <\/i><i>Attribution<br \/>\n<\/i><\/p>\n<p><i><a href=\"https:\/\/freesound.org\/people\/TurtleLG\/sounds\/80450\/\" target=\"_blank\" rel=\"noopener\">MetalCreakingandFalling.wav<\/a> copie_1.1 by <a href=\"https:\/\/freesound.org\/people\/TurtleLG\/\" target=\"_blank\" rel=\"noopener\">TurtleLG<\/a> | <\/i><i>License: <\/i><i>Attribution Noncommercial <\/i> <i><\/i><\/p>\n<p><i><a href=\"https:\/\/freesound.org\/people\/Walter_Odington\/sounds\/26189\/\" target=\"_blank\" rel=\"noopener\">chimney wind 1.wav<\/a> by <a href=\"https:\/\/freesound.org\/people\/Walter_Odington\/\" target=\"_blank\" rel=\"noopener\">Walter_Odington<\/a> | License: Creative Commons 0<br \/>\n<\/i><\/p>\n<p>Des images ont \u00e9t\u00e9 tir\u00e9es de Freepiks. voici les cr\u00e9dits :<\/p>\n<div>Pour la vignette :<\/div>\n<div>Icons made by <a title=\"Freepik\" href=\"http:\/\/www.freepik.com\" target=\"_blank\" rel=\"noopener\">Freepik<\/a> from <a title=\"Flaticon\" href=\"https:\/\/www.flaticon.com\/\" target=\"_blank\" rel=\"noopener\">www.flaticon.com<\/a> is licensed by <a title=\"Creative Commons BY 3.0\" href=\"http:\/\/creativecommons.org\/licenses\/by\/3.0\/\" target=\"_blank\" rel=\"noopener\">CC 3.0 BY<\/a><\/div>\n<p>Pour la vid\u00e9o Youtube :<\/p>\n<p>canard &amp; caca<\/p>\n<div>\n<div>Icons made by <a title=\"Freepik\" href=\"http:\/\/www.freepik.com\" target=\"_blank\" rel=\"noopener\">Freepik<\/a> from <a title=\"Flaticon\" href=\"https:\/\/www.flaticon.com\/\" target=\"_blank\" rel=\"noopener\">www.flaticon.com<\/a> is licensed by <a title=\"Creative Commons BY 3.0\" href=\"http:\/\/creativecommons.org\/licenses\/by\/3.0\/\" target=\"_blank\" rel=\"noopener\">CC 3.0 BY<\/a><\/div>\n<\/div>\n<div>\n<div><\/div>\n<\/div>\n<div>fond<\/div>\n<div><a href=\"https:\/\/www.pexels.com\/photo\/blue-lined-flat-surface-132204\/\" target=\"_blank\" rel=\"noopener\">https:\/\/www.pexels.com\/photo\/b<wbr \/>lue-lined-flat-surface-132204\/<\/a><\/div>\n<div><\/div>\n<div>manometre<\/div>\n<div>avec l&rsquo;aimable autorisation de Ryan Vardy<\/div>\n<div><a href=\"http:\/\/www.ryanvardy.co.uk\/\" target=\"_blank\" rel=\"noopener\">http:\/\/www.ryanvardy.co.uk\/<\/a><\/div>\n<div><\/div>\n<div>ladder<\/div>\n<div>\n<div>Icons made by <a title=\"Smashicons\" href=\"https:\/\/www.flaticon.com\/authors\/smashicons\" target=\"_blank\" rel=\"noopener\">Smashicons<\/a> from <a title=\"Flaticon\" href=\"https:\/\/www.flaticon.com\/\" target=\"_blank\" rel=\"noopener\">www.flaticon.com<\/a> is licensed by <a title=\"Creative Commons BY 3.0\" href=\"http:\/\/creativecommons.org\/licenses\/by\/3.0\/\" target=\"_blank\" rel=\"noopener\">CC 3.0 BY<\/a><\/div>\n<\/div>\n<div><\/div>\n<div>trompette<\/div>\n<div>\n<div>Icons made by <a title=\"Freepik\" href=\"http:\/\/www.freepik.com\" target=\"_blank\" rel=\"noopener\">Freepik<\/a> from <a title=\"Flaticon\" href=\"https:\/\/www.flaticon.com\/\" target=\"_blank\" rel=\"noopener\">www.flaticon.com<\/a> is licensed by <a title=\"Creative Commons BY 3.0\" href=\"http:\/\/creativecommons.org\/licenses\/by\/3.0\/\" target=\"_blank\" rel=\"noopener\">CC 3.0 BY<\/a><\/div>\n<\/div>\n<div><\/div>\n<div>militaire<\/div>\n<div>\n<div>Icons made by <a title=\"Freepik\" href=\"http:\/\/www.freepik.com\" target=\"_blank\" rel=\"noopener\">Freepik<\/a> from <a title=\"Flaticon\" href=\"https:\/\/www.flaticon.com\/\" target=\"_blank\" rel=\"noopener\">www.flaticon.com<\/a> is licensed by <a title=\"Creative Commons BY 3.0\" href=\"http:\/\/creativecommons.org\/licenses\/by\/3.0\/\" target=\"_blank\" rel=\"noopener\">CC 3.0 BY<\/a><\/div>\n<\/div>\n<div><\/div>\n<div>cochon<\/div>\n<div>\n<p>$Icons made by <a title=\"Freepik\" href=\"http:\/\/www.freepik.com\" target=\"_blank\" rel=\"noopener\">Freepik<\/a> from <a title=\"Flaticon\" href=\"https:\/\/www.flaticon.com\/\" target=\"_blank\" rel=\"noopener\">www.flaticon.com<\/a> is licensed by <a title=\"Creative Commons BY 3.0\" href=\"http:\/\/creativecommons.org\/licenses\/by\/3.0\/\" target=\"_blank\" rel=\"noopener\">CC 3.0 BY<\/a><\/p>\n<\/div>\n<div><\/div>\n<div>noeud pape<\/div>\n<div>\n<div>Icons made by <a title=\"Good Ware\" href=\"https:\/\/www.flaticon.com\/authors\/good-ware\" target=\"_blank\" rel=\"noopener\">Good Ware<\/a> from <a title=\"Flaticon\" href=\"https:\/\/www.flaticon.com\/\" target=\"_blank\" rel=\"noopener\">www.flaticon.com<\/a> is licensed by <a title=\"Creative Commons BY 3.0\" href=\"http:\/\/creativecommons.org\/licenses\/by\/3.0\/\" target=\"_blank\" rel=\"noopener\">CC 3.0 BY<\/a><\/div>\n<\/div>\n<div><\/div>\n<div>Badger<\/div>\n<div>\n<div>Icons made by <a title=\"Freepik\" href=\"http:\/\/www.freepik.com\" target=\"_blank\" rel=\"noopener\">Freepik<\/a> from <a title=\"Flaticon\" href=\"https:\/\/www.flaticon.com\/\" target=\"_blank\" rel=\"noopener\">www.flaticon.com<\/a> is licensed by <a title=\"Creative Commons BY 3.0\" href=\"http:\/\/creativecommons.org\/licenses\/by\/3.0\/\" target=\"_blank\" rel=\"noopener\">CC 3.0 BY<\/a><\/div>\n<\/div>\n<div><\/div>\n<div>poo b&amp;w<\/div>\n<div>\n<div>Icons made by <a title=\"Freepik\" href=\"http:\/\/www.freepik.com\" target=\"_blank\" rel=\"noopener\">Freepik<\/a> from <a title=\"Flaticon\" href=\"https:\/\/www.flaticon.com\/\" target=\"_blank\" rel=\"noopener\">www.flaticon.com<\/a> is licensed by <a title=\"Creative Commons BY 3.0\" href=\"http:\/\/creativecommons.org\/licenses\/by\/3.0\/\" target=\"_blank\" rel=\"noopener\">CC 3.0 BY<\/a><\/div>\n<\/div>\n<div><\/div>\n<div>croche<\/div>\n<div>\n<div>Icons made by <a title=\"Freepik\" href=\"http:\/\/www.freepik.com\" target=\"_blank\" rel=\"noopener\">Freepik<\/a> from <a title=\"Flaticon\" href=\"https:\/\/www.flaticon.com\/\" target=\"_blank\" rel=\"noopener\">www.flaticon.com<\/a> is licensed by <a title=\"Creative Commons BY 3.0\" href=\"http:\/\/creativecommons.org\/licenses\/by\/3.0\/\" target=\"_blank\" rel=\"noopener\">CC 3.0 BY<\/a><\/div>\n<\/div>\n<div><\/div>\n<div>noire, blanche<\/div>\n<div>\n<div>Icons made by <a title=\"Freepik\" href=\"http:\/\/www.freepik.com\" target=\"_blank\" rel=\"noopener\">Freepik<\/a> from <a title=\"Flaticon\" href=\"https:\/\/www.flaticon.com\/\" target=\"_blank\" rel=\"noopener\">www.flaticon.com<\/a> is licensed by <a title=\"Creative Commons BY 3.0\" href=\"http:\/\/creativecommons.org\/licenses\/by\/3.0\/\" target=\"_blank\" rel=\"noopener\">CC 3.0 BY<\/a><\/div>\n<\/div>\n<div>\n<p>&nbsp;<\/p>\n<p style=\"text-align: center;\">Tu peux aussi choisir un autre moyen d\u2019\u00e9coute. T\u2019inqui\u00e8te, c\u2019est gratuit :<\/p>\n<p>\u00a0 <a href=\"https:\/\/itunes.apple.com\/fr\/podcast\/pamela-target-saison-1\/id1347089265?mt=2\" target=\"_blank\" rel=\"noopener\"><img loading=\"lazy\" decoding=\"async\" class=\"size-medium wp-image-479 aligncenter\" src=\"https:\/\/www.pamelatarget.com\/wp-content\/uploads\/2018\/02\/Get_it_on_iTunes_Badge_FR_1114-300x109.png\" alt=\"\" width=\"300\" height=\"109\" srcset=\"https:\/\/www.pamelatarget.com\/wp-content\/uploads\/2018\/02\/Get_it_on_iTunes_Badge_FR_1114-300x109.png 300w, https:\/\/www.pamelatarget.com\/wp-content\/uploads\/2018\/02\/Get_it_on_iTunes_Badge_FR_1114-768x279.png 768w, https:\/\/www.pamelatarget.com\/wp-content\/uploads\/2018\/02\/Get_it_on_iTunes_Badge_FR_1114-1024x372.png 1024w, https:\/\/www.pamelatarget.com\/wp-content\/uploads\/2018\/02\/Get_it_on_iTunes_Badge_FR_1114.png 1194w\" sizes=\"auto, (max-width: 300px) 100vw, 300px\" \/><\/a><\/p>\n<p>&nbsp;<\/p>\n<p><a href=\"https:\/\/soundcloud.com\/user-149328996\/pts01e09-omg-pas-la-fosse-a-purin\" target=\"_blank\" rel=\"noopener\"><img loading=\"lazy\" decoding=\"async\" class=\"size-medium wp-image-477 aligncenter\" src=\"https:\/\/www.pamelatarget.com\/wp-content\/uploads\/2018\/02\/SoundCloud_logo_orange_color_plain.svg_-300x171.png\" alt=\"\" width=\"300\" height=\"171\" srcset=\"https:\/\/www.pamelatarget.com\/wp-content\/uploads\/2018\/02\/SoundCloud_logo_orange_color_plain.svg_-300x171.png 300w, https:\/\/www.pamelatarget.com\/wp-content\/uploads\/2018\/02\/SoundCloud_logo_orange_color_plain.svg_-768x438.png 768w, https:\/\/www.pamelatarget.com\/wp-content\/uploads\/2018\/02\/SoundCloud_logo_orange_color_plain.svg_-1024x584.png 1024w, https:\/\/www.pamelatarget.com\/wp-content\/uploads\/2018\/02\/SoundCloud_logo_orange_color_plain.svg_.png 1200w\" sizes=\"auto, (max-width: 300px) 100vw, 300px\" \/><\/a><\/p>\n<p>&nbsp;<\/p>\n<p><a href=\"https:\/\/www.deezer.com\/fr\/episode\/4844879\" target=\"_blank\" rel=\"noopener\"><img loading=\"lazy\" decoding=\"async\" class=\"size-medium wp-image-574 aligncenter\" src=\"https:\/\/www.pamelatarget.com\/wp-content\/uploads\/2018\/02\/deezer-logo-300x168.png\" alt=\"\" width=\"300\" height=\"168\" \/><\/a><\/p>\n<\/div>\n","protected":false},"excerpt":{"rendered":"<p>PTS01E09 : \u00ab\u00a0OMG, pas la fosse \u00e0 purin !\u00a0\u00bb Toujours coinc\u00e9s dans leur boule de morve indestructible, nos h\u00e9ros sont \u00e0 pr\u00e9sent pourchass\u00e9s par une horde de robots patrouilleurs GROFAYOs. Et l\u00e0, splaouch !\u00a0Ils ont plong\u00e9 dans la m&#8230; Branche tes \u00e9couteurs et Bim ! Lance la lecture : &nbsp; Pour ne pas rater les [&hellip;]<\/p>\n","protected":false},"author":2,"featured_media":795,"parent":0,"menu_order":0,"comment_status":"closed","ping_status":"closed","template":"","meta":{"footnotes":""},"class_list":["post-778","page","type-page","status-publish","has-post-thumbnail","hentry"],"_links":{"self":[{"href":"https:\/\/www.pamelatarget.com\/index.php\/wp-json\/wp\/v2\/pages\/778","targetHints":{"allow":["GET"]}}],"collection":[{"href":"https:\/\/www.pamelatarget.com\/index.php\/wp-json\/wp\/v2\/pages"}],"about":[{"href":"https:\/\/www.pamelatarget.com\/index.php\/wp-json\/wp\/v2\/types\/page"}],"author":[{"embeddable":true,"href":"https:\/\/www.pamelatarget.com\/index.php\/wp-json\/wp\/v2\/users\/2"}],"replies":[{"embeddable":true,"href":"https:\/\/www.pamelatarget.com\/index.php\/wp-json\/wp\/v2\/comments?post=778"}],"version-history":[{"count":10,"href":"https:\/\/www.pamelatarget.com\/index.php\/wp-json\/wp\/v2\/pages\/778\/revisions"}],"predecessor-version":[{"id":1327,"href":"https:\/\/www.pamelatarget.com\/index.php\/wp-json\/wp\/v2\/pages\/778\/revisions\/1327"}],"wp:featuredmedia":[{"embeddable":true,"href":"https:\/\/www.pamelatarget.com\/index.php\/wp-json\/wp\/v2\/media\/795"}],"wp:attachment":[{"href":"https:\/\/www.pamelatarget.com\/index.php\/wp-json\/wp\/v2\/media?parent=778"}],"curies":[{"name":"wp","href":"https:\/\/api.w.org\/{rel}","templated":true}]}}