{"id":3337,"date":"2019-12-19T12:57:16","date_gmt":"2019-12-19T11:57:16","guid":{"rendered":"https:\/\/www.pamelatarget.com\/?page_id=3337"},"modified":"2019-12-29T11:50:11","modified_gmt":"2019-12-29T10:50:11","slug":"pts02e33-le-quai-nid-despions","status":"publish","type":"page","link":"https:\/\/www.pamelatarget.com\/index.php\/pts02e33-le-quai-nid-despions\/","title":{"rendered":"PTS02E33 : Le Quai, Nid d&rsquo;espions"},"content":{"rendered":"<h2 style=\"text-align: center;\"><strong>PTS02E33 : Le Quai, nid d&rsquo;espions<br \/>\n<\/strong><\/h2>\n<p style=\"text-align: center;\">Sur le quai, les r\u00e9v\u00e9lations fusent et on d\u00e9couvre enfin qui espionne qui pour le compte de qui dans le dos de qui.<\/p>\n<p style=\"text-align: center;\">Branche tes \u00e9couteurs et Bim ! Lance la lecture :<\/p>\n<p>https:\/\/radiopublic.com\/pamela-target-8XR1ee\/s1!baada#t=37<\/p>\n<p>&nbsp;<\/p>\n<p style=\"text-align: center;\">Pour avoir de nos nouvelles et d\u00e9couvrir des bonus,<\/p>\n<p style=\"text-align: center;\">c&rsquo;est ici<strong> <a href=\"https:\/\/www.pamelatarget.com\/index.php\/vip-club\/\">CLUB VIP PAMELA TARGET<\/a><\/strong><\/p>\n<h3><strong>CREDITS<\/strong><\/h3>\n<p><strong>Ecrit par<\/strong> Katia Grivot, David Neau et Pascal Senicourt<\/p>\n<p><strong>R\u00e9alis\u00e9, mont\u00e9 et mix\u00e9<\/strong> <strong>par<\/strong> Katia Grivot<\/p>\n<p><strong>Anim\u00e9 pour Youtube par<\/strong> Pascal Senicourt<\/p>\n<p>&nbsp;<\/p>\n<h3><strong>Musiques <\/strong><\/h3>\n<p>G\u00e9n\u00e9rique par Domingo Olmo Martin, alias King of Punk<\/p>\n<p>&nbsp;<\/p>\n<h3><strong>Par ordre d&rsquo;apparition<\/strong><\/h3>\n<p>Domingo le cochon dingue : J\u00e9r\u00f4meTh\u00e9venet<\/p>\n<p>Rambo le cochon dingue : David Chamalet<\/p>\n<p>Julius Washington le hamster : Domingo Olmo Martin<\/p>\n<p>Ryu le fugu : David Neau<\/p>\n<p>Bill le bousier : J\u00e9r\u00f4meTh\u00e9venet<\/p>\n<p>Giulietta la cochonne : Grika<\/p>\n<p>Paulo le Blaireau : Pascal Senicourt<\/p>\n<p>Luce le fant\u00f4me : Grika<\/p>\n<p>La Reine des Neiges : Grika<\/p>\n<p>Darryl Charwin : Pascal Senicourt<\/p>\n<p>Korragen le corbeau : Frans Boyer<\/p>\n<p>Luissmariano : Pascal Senicourt<\/p>\n<p>Choeur Luissmariano : David Neau<\/p>\n<p>Rita le Piaf : Sarah Cotten<\/p>\n<p>Titus le tigre : R\u00e9gis Chaussard<\/p>\n<p>Victoria la tortue : La Nonovision<\/p>\n<p>Le Sergent : Roch Debache<\/p>\n<p>La Pizza : David Chamalet<\/p>\n<p>Pamela Anderson: Malvina Germain<\/p>\n<p>Riton le chaton : Deez Podcast<\/p>\n<p>&nbsp;<\/p>\n<h3><strong>Cr\u00e9dits sons <\/strong><\/h3>\n<p>Dans cet e\u0301pisode de nombreux sons sont tire\u0301s de <strong>Freesound<\/strong>. Voici l\u2019ensemble des cre\u0301dits concerne\u0301s : en cours de r\u00e9daction.<\/p>\n<p>&nbsp;<\/p>\n<h2><strong>Tu peux aussi choisir un autre moyen d\u2019\u00e9coute. T\u2019inqui\u00e8te, c\u2019est gratuit :<\/strong><\/h2>\n<h2><\/h2>\n<div class=\"aligncenter\">\n<p><a href=\"https:\/\/itunes.apple.com\/fr\/podcast\/pamela-target-saison-1\/id1347089265?mt=2\" target=\"_blank\" rel=\"noopener\"><img decoding=\"async\" class=\"size-medium wp-image-479 aligncenter\" src=\"https:\/\/www.pamelatarget.com\/wp-content\/uploads\/2018\/02\/Get_it_on_iTunes_Badge_FR_1114-300x109.png\" alt=\"\" width=\"200\" srcset=\"https:\/\/www.pamelatarget.com\/wp-content\/uploads\/2018\/02\/Get_it_on_iTunes_Badge_FR_1114-300x109.png 300w, https:\/\/www.pamelatarget.com\/wp-content\/uploads\/2018\/02\/Get_it_on_iTunes_Badge_FR_1114-768x279.png 768w, https:\/\/www.pamelatarget.com\/wp-content\/uploads\/2018\/02\/Get_it_on_iTunes_Badge_FR_1114-1024x372.png 1024w, https:\/\/www.pamelatarget.com\/wp-content\/uploads\/2018\/02\/Get_it_on_iTunes_Badge_FR_1114.png 1194w\" sizes=\"(max-width: 300px) 100vw, 300px\" \/><\/a><\/p>\n<div class=\"aligncenter\"><a href=\"https:\/\/soundcloud.com\/user-149328996\/pts02e01-quelle-belle-journee-a-la-madmax\" target=\"_blank\" rel=\"noopener\"><img decoding=\"async\" class=\"size-medium wp-image-477 aligncenter\" src=\"https:\/\/www.pamelatarget.com\/wp-content\/uploads\/2018\/02\/SoundCloud_logo_orange_color_plain.svg_-300x171.png\" alt=\"\" width=\"200\" srcset=\"https:\/\/www.pamelatarget.com\/wp-content\/uploads\/2018\/02\/SoundCloud_logo_orange_color_plain.svg_-300x171.png 300w, https:\/\/www.pamelatarget.com\/wp-content\/uploads\/2018\/02\/SoundCloud_logo_orange_color_plain.svg_-768x438.png 768w, https:\/\/www.pamelatarget.com\/wp-content\/uploads\/2018\/02\/SoundCloud_logo_orange_color_plain.svg_-1024x584.png 1024w, https:\/\/www.pamelatarget.com\/wp-content\/uploads\/2018\/02\/SoundCloud_logo_orange_color_plain.svg_.png 1200w\" sizes=\"(max-width: 300px) 100vw, 300px\" \/><\/a><a href=\"https:\/\/www.deezer.com\/fr\/episode\/5987417\" target=\"_blank\" rel=\"noopener\"><img decoding=\"async\" class=\"size-medium wp-image-574 aligncenter\" src=\"https:\/\/www.pamelatarget.com\/wp-content\/uploads\/2018\/02\/deezer-logo-300x168.png\" alt=\"\" width=\"200\" \/><\/a><a href=\"https:\/\/spoti.fi\/2OJzwUS\" target=\"_blank\" rel=\"noopener\"><img loading=\"lazy\" decoding=\"async\" width=\"300\" height=\"90\" class=\"size-medium wp-image-1572 aligncenter\" src=\"https:\/\/www.pamelatarget.com\/wp-content\/uploads\/2018\/11\/Spotify_Logo_RGB_Green-300x90.png\" alt=\"\" \/><\/a><a href=\"https:\/\/radiopublic.com\/pamela-target-8XR1ee\" target=\"_blank\" rel=\"noopener\"><img decoding=\"async\" class=\"size-medium wp-image-1572 aligncenter\" src=\"https:\/\/www.pamelatarget.com\/wp-content\/uploads\/2019\/02\/radiopublic.png\" alt=\"\" \/><\/a><\/div>\n<p><!--more--><\/p>\n<h2 style=\"text-align: center;\"><strong>Retranscription de l&rsquo;\u00e9pisode<\/strong><\/h2>\n<p style=\"text-align: center;\">texte prot\u00e9g\u00e9 &#8211; reproduction interdite sans l&rsquo;accord des auteurs<\/p>\n<p style=\"text-align: center;\">EXT\/JOUR D\u00c9SERT ARCHE<\/p>\n<p style=\"text-align: center;\">\u00a0Cri lointain de Grichka. Camion qui roule, Rambo, ses Warboyz et ses zombies.<\/p>\n<p style=\"text-align: center;\">DOMINGO LE COCHON DINGUE<\/p>\n<p style=\"text-align: center;\">Regardez Patron ! l\u00e0-haut !<\/p>\n<p style=\"text-align: center;\">RAMBO LE COCHON DINGUE<\/p>\n<p style=\"text-align: center;\">STOOOP !!!!<\/p>\n<p style=\"text-align: center;\">Zombie et camion s\u2019arr\u00eatent.<\/p>\n<p style=\"text-align: center;\">DOMINGO LE COCHON DINGUE<\/p>\n<p style=\"text-align: center;\">Ah non ! d\u00e9sol\u00e9 ! C\u2019est juste une voiturette qui passe dans les airs avec&#8230; Un lama et une poup\u00e9e gonflable. C\u2019est pas El gringo. T\u2019inqui\u00e8te, Rambo\u2026 on va le retrouver ce El Gringo. Il est forc\u00e9ment dans un des camions de devant, on fonce !<\/p>\n<p style=\"text-align: center;\">Plus loin dans un autre camion.\u00a0 bruit de moteur (diff\u00e9rent) en int\u00e9rieur de camion.<\/p>\n<p style=\"text-align: center;\">JULIUS WASHINGTON LE HAMSTER<\/p>\n<p style=\"text-align: center;\">Comment \u00e7a Luce ? Une voiture est pass\u00e9e dans les airs au-dessus de nous ? Tu as vu si c\u2019\u00e9tait des militaires ou des cochons dingues ?<\/p>\n<p style=\"text-align: center;\">RYU LE FUGU<\/p>\n<p style=\"text-align: center;\">Oh ! c\u2019est bon, Julius. Les militaires, les zombies, les cochons dingues, Riton&#8230; Moi, \u00e0 ce stade, j\u2019en ai plus rien \u00e0 foutre de savoir qui nous court apr\u00e8s. Ce que je veux savoir, c\u2019est comment on va sortir de ce merdier.<\/p>\n<p style=\"text-align: center;\">Moteur de Jeep. Gros coup de frein ! pchiii de d\u00e9compression du camion. ambiance portuaire.<\/p>\n<p style=\"text-align: center;\">JULIUS WASHINGTON LE HAMSTER<\/p>\n<p style=\"text-align: center;\">On est arriv\u00e9s au port. C\u2019est l\u2019endroit par lequel tout arrive dans l\u2019arche et c\u2019est aussi par l\u00e0 que tout repart. C\u2019est par la mer qu\u2019on pourra quitter l\u2019arche au plus vite. Mais d\u2019abord, il faut d\u00e9congeler le bloc de carbonite pour lib\u00e9rer Bruce.<\/p>\n<p style=\"text-align: center;\">BILL LE BOUSIER<\/p>\n<p style=\"text-align: center;\">C\u2019est pas une bonne id\u00e9e de d\u00e9congeler Bruce tout de suite. Embarquons-le AVEC le bloc.<\/p>\n<p style=\"text-align: center;\">GIULIETTA LA COCHONNE<\/p>\n<p style=\"text-align: center;\">Qu\u2019est-ce que tu racontes, Bill ? D\u00e9congelons Bruce, d\u2019ABORD !<\/p>\n<p style=\"text-align: center;\">RYU LE FUGU<\/p>\n<p style=\"text-align: center;\">Quoi, les mecs est-ce que j\u2019ai bien entendu ? Le plan c\u2019est de se barrer de l\u2019arche ?<\/p>\n<p style=\"text-align: center;\">PAULO LE BLAIREAU<\/p>\n<p style=\"text-align: center;\">Oh putain, faut se d\u00e9cider vite, je vois\u00a0 de la poussi\u00e8re au loin\u2026 On va pas \u00eatre seuls tr\u00e8s longtemps.<\/p>\n<p style=\"text-align: center;\">BILL LE BOUSIER<\/p>\n<p style=\"text-align: center;\">Allez, on embarque avec le bloc de carbonite. Regardez, y a un sous-marin juste l\u00e0. Mais\u2026 Luce, qu\u2019est-ce que tu fais, l\u00e2che le bloc!<\/p>\n<p style=\"text-align: center;\">LUCE LE FANTOME<\/p>\n<p style=\"text-align: center;\">Mmmmmmmhhhhh !<\/p>\n<p style=\"text-align: center;\">GIULIETTA LA COCHONNE<\/p>\n<p style=\"text-align: center;\">Non, je suis d\u2019accord avec Luce. On ne laisse pas Bruce dans la carbonite.<\/p>\n<p style=\"text-align: center;\">PAULO LE BLAIREAU<\/p>\n<p style=\"text-align: center;\">Putain, et moi je dis que je veux pas me faire \u00e9gorger par RITON. On embarque Bruce et on verra apr\u00e8s.<\/p>\n<p style=\"text-align: center;\">BILL LE BOUSIER<\/p>\n<p style=\"text-align: center;\">Julius, aidez-moi \u00e0 l\u2019embarquer ! Rappelez-vous, vous devez m\u2019aider.<\/p>\n<p style=\"text-align: center;\">RYU LE FUGU<\/p>\n<p style=\"text-align: center;\">Les mecs, on est mal.<\/p>\n<p style=\"text-align: center;\">PAULO LE BLAIREAU<\/p>\n<p style=\"text-align: center;\">La ferme Ryu ! Aide-nous \u00e0 pousser le bloc.<\/p>\n<p style=\"text-align: center;\">RYU LE FUGU<\/p>\n<p style=\"text-align: center;\">Derri\u00e8re vous les gars.<\/p>\n<p style=\"text-align: center;\">REINE DES NEIGES<\/p>\n<p style=\"text-align: center;\">Je vois que vous \u00eates arriv\u00e9s \u00e0 bon port, soldat Brill. Je m\u2019occupe de ce bloc de carbonite. Donnez-le moi.<\/p>\n<p style=\"text-align: center;\">JULIUS WASHINGTON LE HAMSTER (pour lui-m\u00eame)<\/p>\n<p style=\"text-align: center;\">Oh ! La reine des neiges\u2026 Ca tombe mal.<\/p>\n<p style=\"text-align: center;\">GIULIETTA LA COCHONNE<\/p>\n<p style=\"text-align: center;\">Bill, qu\u2019est-ce qu\u2019elle raconte ? Et pourquoi elle t\u2019a appel\u00e9 Brill ?<\/p>\n<p style=\"text-align: center;\">DARRYL CHARWIN<\/p>\n<p style=\"text-align: center;\">Ne vous en d\u00e9plaise, mein liebchen Reine des Neiges, il est \u00e0 moi. Remettez-nous donc ce bloc de carbonite, Ryu.<\/p>\n<p style=\"text-align: center;\">GIULIETTA LA COCHONNE<\/p>\n<p style=\"text-align: center;\">Ryu ? Bill? mais \u00e7a veut dire quoi ?<\/p>\n<p style=\"text-align: center;\">RYU LE FUGU (pleure)<\/p>\n<p style=\"text-align: center;\">Je pouvais pas r\u00e9sister les mecs. Il m\u2019a fait de la torture psychologique \u00e0 la t\u00eate, Charwin. Il m\u2019a promis des magazines si je l\u2019aidais&#8230;<\/p>\n<p style=\"text-align: center;\">PAULO LE BLAIREAU<\/p>\n<p style=\"text-align: center;\">Quoi, Ryu ! tu nous as trahi pour des abonnements \u00e0 tes magazine people ! T\u2019es vraiment un pourri !<\/p>\n<p style=\"text-align: center;\">REINE DES NEIGES<\/p>\n<p style=\"text-align: center;\">Extr\u00eamement bien jou\u00e9, Mon Darryl. Vous aviez donc un espion parmi les X-Animen.<\/p>\n<p style=\"text-align: center;\">DARRYL CHARWIN<\/p>\n<p style=\"text-align: center;\">un coup de ma\u00eetre n\u2019est-il pas meine liebling ? Ach, vos seins rebondis, ce sillon mammaire impeccablement dessin\u00e9, Ces t\u00e9tons qui pointent \u00e0 la moindre \u00e9motion\u2026 Ryu !<\/p>\n<\/div>\n<p style=\"text-align: center;\">RYU LE FUGU<\/p>\n<p style=\"text-align: center;\">Professeur Charwin ?<\/p>\n<p style=\"text-align: center;\">DARRYL CHARWIN<\/p>\n<p style=\"text-align: center;\">Bougez-vous!<\/p>\n<div class=\"aligncenter\">\n<p style=\"text-align: center;\">REINE DES NEIGES<\/p>\n<p style=\"text-align: center;\">Mon cher Darryl, vous permettez&#8230; L\u2019important aux \u00e9checs c\u2019est d\u2019avoir deux coups d\u2019avance. Julius, vous voulez bien aider Soldat Brill \u00e0 pousser la carbonite vers moi.<\/p>\n<p style=\"text-align: center;\">DARRYL CHARWIN<\/p>\n<p style=\"text-align: center;\">Ach, Nein, nein ! Je le savais ! Vous avez infiltr\u00e9 un de vos hommes dans l\u2019arche. J\u2019ai toujours su que ce Bill \u00e9tait un militaire ! Mais le hamster l\u00e0 \u00e7a m\u2019en bouche un coin ! Vous \u00eates vraiment tr\u00e8s forte. (moqueur) On ne devrait jamais faire confiance \u00e0 une femme d\u2019ailleurs.<\/p>\n<p style=\"text-align: center;\">REINE DES NEIGES<\/p>\n<p style=\"text-align: center;\">Soldat Brill, ex\u00e9cution !<\/p>\n<p style=\"text-align: center;\">BILL LE BOUSIER<\/p>\n<p style=\"text-align: center;\">Luce, l\u00e2che ce bloc.<\/p>\n<p style=\"text-align: center;\">LUCE LE FANTOME<\/p>\n<p style=\"text-align: center;\">mmmm !<\/p>\n<p style=\"text-align: center;\">BILL LE BOUSIER<\/p>\n<p style=\"text-align: center;\">Julius, maintenant c\u2019est le moment d\u2019honorer notre accord.<\/p>\n<p>&nbsp;<\/p>\n<p style=\"text-align: center;\">PAULO LE BLAIREAU<\/p>\n<p style=\"text-align: center;\">Putain ! T\u2019as jamais eu l\u2019intention de d\u00e9truire la machine du Nebraska ! salet\u00e9 de TRAITRE ! mais toi Julius , t\u2019es avec nous hein ?<\/p>\n<p style=\"text-align: center;\">JULIUS WASHINGTON LE HAMSTER<\/p>\n<p style=\"text-align: center;\">Je suis d\u00e9sol\u00e9, ma vieille enveloppe charnelle est faible, soit, mais j\u2019\u00e9tais pr\u00eat \u00e0 tout pour retrouver la trace de ma femme.<\/p>\n<p style=\"text-align: center;\">Truck de guerre des cochons dingues qui s&rsquo;arr\u00eatent avec arm\u00e9e de zombie au pas cadenc\u00e9.<\/p>\n<p style=\"text-align: center;\">RAMBO LE COCHON DINGUE<\/p>\n<p style=\"text-align: center;\">STOOOP ! Alors maintenant, bandes de connards, que celui qui m\u2019a vol\u00e9 El Gringo me le rende imm\u00e9diatement!<\/p>\n<p style=\"text-align: center;\">DOMINGO LE COCHON DINGUE<\/p>\n<p style=\"text-align: center;\">ouais, parce que sinon, vous allez go\u00fbter du zombie, Tomato, Venezio, Horatio, Cura\u00e7o, Dondiego, Risotto, Carafedo\u2026 Inutile de r\u00e9sister, on est sup\u00e9rieur en nombre.<\/p>\n<p style=\"text-align: center;\">KORRAGEN LE CORBEAU<\/p>\n<p style=\"text-align: center;\">Lib\u00e9rez-moi, vous allez pas me laisser attach\u00e9 \u00e0 l\u2019avant de cette voiture de guerre tout le trajet !<\/p>\n<p style=\"text-align: center;\">DOMINGO LE COCHON DINGUE<\/p>\n<p style=\"text-align: center;\">Ta gueule le corbeau, tu crois qu\u2019on t\u2019a fait prisonnier pour quoi ? tu vas regretter de nous avoir pourri \u00e0 la battle ! On va t\u2019humilier comme tu nous as humili\u00e9 !<\/p>\n<p style=\"text-align: center;\">LUISSMARIANO<\/p>\n<p style=\"text-align: center;\">On va le rouer de coup de boules<\/p>\n<p style=\"text-align: center;\">El Gringo El gringo<\/p>\n<p style=\"text-align: center;\">Lui faire bouffer de la semoule<\/p>\n<p style=\"text-align: center;\">El Gringo El Gringo<\/p>\n<p style=\"text-align: center;\">Le lester d\u2019un gros tas de moules<\/p>\n<p style=\"text-align: center;\">El Gringo El gringo<\/p>\n<p style=\"text-align: center;\">Pour que dans le broyeur y roule<\/p>\n<p style=\"text-align: center;\">KORRAGEN LE CORBEAU<\/p>\n<p style=\"text-align: center;\">C\u2019est quoi cette musique, on dirait une mouette qu\u2019on \u00e9cart\u00e8le. Mais bon, je dis \u00e7a, mais si vous aimez la merde.<\/p>\n<p style=\"text-align: center;\">DOMINGO LE COCHON DINGUE<\/p>\n<p style=\"text-align: center;\">Quoi ? Korragen ! Dans ta position, tu oses critiquer la composition \u00e0 la guitare que not\u2019 cousin louismariano joue \u00e0 l\u2019arri\u00e8re du camion ? T\u2019es vraiment une quiche en musique. Tu veux peut-\u00eatre un beat ? pick pa&#8230;<\/p>\n<p style=\"text-align: center;\">Beat qui se lance.<\/p>\n<p style=\"text-align: center;\">RAMBO LE COCHON DINGUE<\/p>\n<p style=\"text-align: center;\">Ta gueule domingo !<\/p>\n<p style=\"text-align: center;\">DOMINGO LE COCHON DINGUE<\/p>\n<p style=\"text-align: center;\">Oui ! Pardon chef !<\/p>\n<p>&nbsp;<\/p>\n<p style=\"text-align: center;\">Klaxon de camion citerne, grognements de zombie. le camion citerne de RITA roule \u00e0 toute vitesse.<\/p>\n<p style=\"text-align: center;\">RITA LE PIAF (rire jubilatoire aux zombies)<\/p>\n<p style=\"text-align: center;\">Aha!ha!ha! Ca va \u00eatre l\u2019heure du bain les zombies !<\/p>\n<p style=\"text-align: center;\">DOMINGO LE COCHON DINGUE<\/p>\n<p style=\"text-align: center;\">Merde, mais qu\u2019est-ce qui font nos zombies ? Nooon, revenez !<\/p>\n<\/div>\n<p style=\"text-align: center;\">RITA LE PIAF<\/p>\n<p style=\"text-align: center;\">Salut Babe ! Si c\u2019est pas l\u2019enfer ici, \u00e7a y ressemble vachement !<\/p>\n<p style=\"text-align: center;\">GIULIETTA LA COCHONNE<\/p>\n<p style=\"text-align: center;\">C\u2019est Soeur RITA, mais&#8230; Son camion va passer par dessus bord !<\/p>\n<p style=\"text-align: center;\">PAULO LE BLAIREAU<\/p>\n<p style=\"text-align: center;\">Ouah ! Qu\u2019est ce qu\u2019elle est forte, soeur Rita, elle\u00a0 a saut\u00e9 hors du camion juste avant qu\u2019il plonge!<\/p>\n<div class=\"aligncenter\">\n<p style=\"text-align: center;\">Plouf camion. Plouf Zombies.<\/p>\n<p style=\"text-align: center;\">RAMBO LE COCHON DINGUE (s\u2019\u00e9nerve comme un petit enfant)<\/p>\n<p style=\"text-align: center;\">Je vous interdis de sauter \u00e0 l\u2019eau. Vous m\u2019entendez ? Restez sur le quai !<\/p>\n<p style=\"text-align: center;\">Charge des chameaux, musique colonel Harry.<\/p>\n<p style=\"text-align: center;\">PAULO LE BLAIREAU<\/p>\n<p style=\"text-align: center;\">Mais c&rsquo;est quoi l\u00e0-bas ? Y a Lawrence d\u2019Arabie qui arrive ?<\/p>\n<p style=\"text-align: center;\">KORRAGEN LE CORBEAU<\/p>\n<p style=\"text-align: center;\">Oh, oui ! Une charge de chameaux. C\u2019est la tactique pr\u00e9f\u00e9r\u00e9e du colonel Harry ! Mais, je croyais qu\u2019il \u00e9tait mort.<\/p>\n<p style=\"text-align: center;\">TITUS LE TIGRE<\/p>\n<p style=\"text-align: center;\">Le colonel est mort ! Vive le colonel ! HARENG sur les cochons dingues!<\/p>\n<p style=\"text-align: center;\">KORRAGEN LE CORBEAU<\/p>\n<p style=\"text-align: center;\">Ce tigre a d\u00e9cid\u00e9ment des ressources insoup\u00e7onn\u00e9es, mais\u2026 A c\u00f4t\u00e9 de lui.. C\u2019est la vegan !<\/p>\n<p style=\"text-align: center;\">VICTORIA LA TORTUE<\/p>\n<p style=\"text-align: center;\">Mais c\u2019est quoi ici ? une mi-temps de rugby ? il y a un de ces boxons. par contre, tant mieux je vois pas Peter Panpan, ce serait le pompon \u00e7a\u2026 Pff j\u2019ai dit pompon moi ?<\/p>\n<p style=\"text-align: center;\">DOMINGO LE COCHON DINGUE<\/p>\n<p style=\"text-align: center;\">Quoi ? c\u2019est notre prisonni\u00e8re, Tutu la tortue, du conseil ! Elle s\u2019est \u00e9vad\u00e9e ? Merdeeee ! C\u2019est vraiment la honte, m\u00eame une tortue arrive \u00e0 s\u2019\u00e9vader de notre prison\u2026 C\u2019est la fin de tout\u2026<\/p>\n<\/div>\n<p style=\"text-align: center;\">VICTORIA LA TORTUE<\/p>\n<p style=\"text-align: center;\">Ils vont regretter de nous avoir g\u00e2ch\u00e9 la soir\u00e9e Baywatch, Titus !<\/p>\n<div class=\"aligncenter\">\n<p style=\"text-align: center;\">choc des chameaux contre les cochons dingues et les zombies.<\/p>\n<p style=\"text-align: center;\">Camion militaire qui freine.<\/p>\n<p style=\"text-align: center;\">LE SERGENT<\/p>\n<p style=\"text-align: center;\">Chef, on les a rattrap\u00e9s !<\/p>\n<p style=\"text-align: center;\">LA PIZZA<\/p>\n<p style=\"text-align: center;\">C\u2019est sur, maintenant qu\u2019ils se sont arr\u00eat\u00e9s, c\u2019est plous facile ! Imb\u00e9cile !<\/p>\n<p style=\"text-align: center;\">LE SERGENT<\/p>\n<p style=\"text-align: center;\">Et la colonel est l\u00e0 aussi.<\/p>\n<p style=\"text-align: center;\">LA PIZZA (mal \u00e0 l\u2019aise)<\/p>\n<p style=\"text-align: center;\">Ah ? Reine des neiges ? A vos ordres !<\/p>\n<p style=\"text-align: center;\">REINE DES NEIGES<\/p>\n<p style=\"text-align: center;\">Alors comme \u00e7a, tutti va bene, hein ?<\/p>\n<p style=\"text-align: center;\">LA PIZZA<\/p>\n<p style=\"text-align: center;\">Nous nous sommes mal compris, colonel. Et&#8230; Je vais vous expliquer\u2026<\/p>\n<p style=\"text-align: center;\">PAMELA ANDERSON (de loin)<\/p>\n<p style=\"text-align: center;\">Oh ? O\u00f9 est mon t\u00e9l\u00e9phone, il faut que je pr\u00e9vienne les journalistes.<\/p>\n<p style=\"text-align: center;\">GIULIETTA LA COCHONNE<\/p>\n<p style=\"text-align: center;\">Quoi ? Pamela Anderson ?<\/p>\n<p style=\"text-align: center;\">REINE DES NEIGES<\/p>\n<p style=\"text-align: center;\">Quoi ?<\/p>\n<\/div>\n<p style=\"text-align: center;\">DARRYL CHARWIN<\/p>\n<p style=\"text-align: center;\">Mais qu\u2019est-ce que c\u2019est que cette histoire ?<\/p>\n<div class=\"aligncenter\">\n<p style=\"text-align: center;\">Elle part en courant.<\/p>\n<p style=\"text-align: center;\">LE SERGENT<\/p>\n<p style=\"text-align: center;\">Elle s\u2019enfuit colonel !<\/p>\n<p style=\"text-align: center;\">REINE DES NEIGES<\/p>\n<p style=\"text-align: center;\">\u00a0Rattrapez-la! Emmenez la pizza avec vous !<\/p>\n<p style=\"text-align: center;\">LA PIZZA<\/p>\n<p style=\"text-align: center;\">Vous voulez dire, j\u2019emm\u00e8ne le sergent avec moi, c\u2019est \u00e7a ? Si, si, je fonce, reine des neiges, je fonce ! Je ne vous d\u00e9cevrai pas. Sergent, on y va !<\/p>\n<p style=\"text-align: center;\">PAULO LE BLAIREAU<\/p>\n<p style=\"text-align: center;\">Luce, Giulietta, profitons de la confusion pour embarquer le bloc de carbonite jusqu\u2019au sous-marin.<\/p>\n<p style=\"text-align: center;\">RYU LE FUGU<\/p>\n<p style=\"text-align: center;\">Mais comment elle\u00a0 fait \u00e7a LUCE ? Elle porte \u00e0 elle toute seule le bloc de carbonite, avec Giugiu et Paulo dessus\u2026 Oups !<\/p>\n<p style=\"text-align: center;\">DARRYL CHARWIN<\/p>\n<p style=\"text-align: center;\">Quoi ? RYU ! Mais rattrapez-l\u00e0 ! La carbonite se barre !<\/p>\n<p style=\"text-align: center;\">RYU LE FUGU<\/p>\n<p style=\"text-align: center;\">Ok, j&rsquo;y vais, j&rsquo;y vais.<\/p>\n<p>&nbsp;<\/p>\n<p style=\"text-align: center;\">REINE DES NEIGES<\/p>\n<p style=\"text-align: center;\">Ce foutu drap flottant file droit vers le sous-marin. Je vais mettre un terme \u00e0 tout \u00e7a, maintenant!<\/p>\n<p style=\"text-align: center;\">PAULO LE BLAIREAU<\/p>\n<p style=\"text-align: center;\">Plus vite Luce ! Plus vite ! La reine des neiges va nous tirer dessus !<\/p>\n<p style=\"text-align: center;\">DARRYL CHARWIN<\/p>\n<p style=\"text-align: center;\">RIIITON !<\/p>\n<p style=\"text-align: center;\">Miaulement de Riton. Fermeture des \u00e9coutilles.<\/p>\n<\/div>\n<p style=\"text-align: center;\">PAULO LE BLAIREAU<\/p>\n<p style=\"text-align: center;\">Oh non !<\/p>\n<div class=\"aligncenter\">\n<p style=\"text-align: center;\">GIULIETTA LA COCHONNE<\/p>\n<p style=\"text-align: center;\">Juste \u00e0 temps.<\/p>\n<p style=\"text-align: center;\">Sous-marin qui d\u00e9marre. bruit du sonar.<\/p>\n<p>&nbsp;<\/p>\n<\/div>\n<p style=\"text-align: center;\">Ambiance portuaire.<\/p>\n<div class=\"aligncenter\">\n<p style=\"text-align: center;\">RAMBO LE COCHON DINGUE<\/p>\n<p style=\"text-align: center;\">Non, vous n&rsquo;avez pas le droit de m&rsquo;arr\u00eater, je suis le roi, je suis Raaambo. Je suis Mmmmh&#8230;<\/p>\n<p style=\"text-align: center;\">TITUS LE TIGRE<\/p>\n<p style=\"text-align: center;\">Et voil\u00e0 ! Probl\u00e8me r\u00e9solu. Victoria, d\u00e9tachez Korragen.<\/p>\n<p style=\"text-align: center;\">KORRAGEN LE CORBEAU<\/p>\n<p style=\"text-align: center;\">Merci, bien jou\u00e9 Titus. Je vous avais sous-estim\u00e9. On va pouvoir reprendre les choses en main.<\/p>\n<p style=\"text-align: center;\">VICTORIA LA TORTUE<\/p>\n<p style=\"text-align: center;\">Moi, \u00e7a me va, m\u00eame si il m&rsquo;a saoul\u00e9 grave le corbeau. Dis-moi Titus, notre \u00e9quipe alors, elle est arriv\u00e9e en finale ou pas ?<\/p>\n<p style=\"text-align: center;\">Ambiance sous-marin.<\/p>\n<p style=\"text-align: center;\">RITON LE CHATON<\/p>\n<p style=\"text-align: center;\">Coucou les enfants&#8230; (rire machiav\u00e9lique)<\/p>\n<p style=\"text-align: center;\">A SUIVRE&#8230;<\/p>\n<p style=\"text-align: center;\">\n<\/div>\n","protected":false},"excerpt":{"rendered":"<p>PTS02E33 : Le Quai, nid d&rsquo;espions Sur le quai, les r\u00e9v\u00e9lations fusent et on d\u00e9couvre enfin qui espionne qui pour le compte de qui dans le dos de qui. Branche tes \u00e9couteurs et Bim ! Lance la lecture : https:\/\/radiopublic.com\/pamela-target-8XR1ee\/s1!baada#t=37 &nbsp; Pour avoir de nos nouvelles et d\u00e9couvrir des bonus, c&rsquo;est ici CLUB VIP PAMELA [&hellip;]<\/p>\n","protected":false},"author":1,"featured_media":3342,"parent":0,"menu_order":0,"comment_status":"closed","ping_status":"closed","template":"","meta":{"footnotes":""},"class_list":["post-3337","page","type-page","status-publish","has-post-thumbnail","hentry"],"_links":{"self":[{"href":"https:\/\/www.pamelatarget.com\/index.php\/wp-json\/wp\/v2\/pages\/3337","targetHints":{"allow":["GET"]}}],"collection":[{"href":"https:\/\/www.pamelatarget.com\/index.php\/wp-json\/wp\/v2\/pages"}],"about":[{"href":"https:\/\/www.pamelatarget.com\/index.php\/wp-json\/wp\/v2\/types\/page"}],"author":[{"embeddable":true,"href":"https:\/\/www.pamelatarget.com\/index.php\/wp-json\/wp\/v2\/users\/1"}],"replies":[{"embeddable":true,"href":"https:\/\/www.pamelatarget.com\/index.php\/wp-json\/wp\/v2\/comments?post=3337"}],"version-history":[{"count":5,"href":"https:\/\/www.pamelatarget.com\/index.php\/wp-json\/wp\/v2\/pages\/3337\/revisions"}],"predecessor-version":[{"id":3350,"href":"https:\/\/www.pamelatarget.com\/index.php\/wp-json\/wp\/v2\/pages\/3337\/revisions\/3350"}],"wp:featuredmedia":[{"embeddable":true,"href":"https:\/\/www.pamelatarget.com\/index.php\/wp-json\/wp\/v2\/media\/3342"}],"wp:attachment":[{"href":"https:\/\/www.pamelatarget.com\/index.php\/wp-json\/wp\/v2\/media?parent=3337"}],"curies":[{"name":"wp","href":"https:\/\/api.w.org\/{rel}","templated":true}]}}