{"id":324,"date":"2018-01-27T21:38:10","date_gmt":"2018-01-27T20:38:10","guid":{"rendered":"https:\/\/www.pamelatarget.com\/?page_id=324"},"modified":"2018-11-09T11:06:33","modified_gmt":"2018-11-09T10:06:33","slug":"vip-club","status":"publish","type":"page","link":"https:\/\/www.pamelatarget.com\/index.php\/vip-club\/","title":{"rendered":"VIP Club"},"content":{"rendered":"<h2>Inscription <strong><span style=\"color: #993366;\">VIP CLUB<\/span><\/strong><\/h2>\n<p>Depuis f\u00e9vrier 2018, on sort 1 \u00e9pisode tous les mercredis, mais aussi, quand on a du temps, des bonus, des \u00e9pisodes youtube\u2026 etc\u2026<\/p>\n<p>Tu veux \u00eatre au courant de tout c\u2019est ici. Tu veux faire partie du premier cercle de Pamela Target ?\u00a0Tu veux \u00eatre membre du\u00a0VIP Club ?<\/p>\n<p>Yo, tu es au bon endroit, my Friend ! Inscris-toi, c&rsquo;est ici.<\/p>\n<p>[contact-form-7 id=\u00a0\u00bb330&Prime; title=\u00a0\u00bbInscription Club VIP_2&Prime;]<\/p>\n<p>* obligatoire<\/p>\n<h3>Et si tu veux lire les <span style=\"color: #993366;\">9<\/span> rules du <span style=\"color: #993366;\">VIP CLUB<\/span>, tu peux c&rsquo;est <span style=\"color: #993366;\"><strong><a style=\"color: #993366;\" href=\"https:\/\/www.pamelatarget.com\/index.php\/vip-club\/page-2\/\">ICI<\/a><\/strong><\/span>.<\/h3>\n<p>&nbsp;<\/p>\n","protected":false},"excerpt":{"rendered":"<p>Inscription VIP CLUB Depuis f\u00e9vrier 2018, on sort 1 \u00e9pisode tous les mercredis, mais aussi, quand on a du temps, des bonus, des \u00e9pisodes youtube\u2026 etc\u2026 Tu veux \u00eatre au courant de tout c\u2019est ici. Tu veux faire partie du premier cercle de Pamela Target ?\u00a0Tu veux \u00eatre membre du\u00a0VIP Club ? Yo, tu es [&hellip;]<\/p>\n","protected":false},"author":2,"featured_media":239,"parent":0,"menu_order":0,"comment_status":"closed","ping_status":"closed","template":"","meta":{"footnotes":""},"class_list":["post-324","page","type-page","status-publish","has-post-thumbnail","hentry"],"_links":{"self":[{"href":"https:\/\/www.pamelatarget.com\/index.php\/wp-json\/wp\/v2\/pages\/324","targetHints":{"allow":["GET"]}}],"collection":[{"href":"https:\/\/www.pamelatarget.com\/index.php\/wp-json\/wp\/v2\/pages"}],"about":[{"href":"https:\/\/www.pamelatarget.com\/index.php\/wp-json\/wp\/v2\/types\/page"}],"author":[{"embeddable":true,"href":"https:\/\/www.pamelatarget.com\/index.php\/wp-json\/wp\/v2\/users\/2"}],"replies":[{"embeddable":true,"href":"https:\/\/www.pamelatarget.com\/index.php\/wp-json\/wp\/v2\/comments?post=324"}],"version-history":[{"count":22,"href":"https:\/\/www.pamelatarget.com\/index.php\/wp-json\/wp\/v2\/pages\/324\/revisions"}],"predecessor-version":[{"id":1568,"href":"https:\/\/www.pamelatarget.com\/index.php\/wp-json\/wp\/v2\/pages\/324\/revisions\/1568"}],"wp:featuredmedia":[{"embeddable":true,"href":"https:\/\/www.pamelatarget.com\/index.php\/wp-json\/wp\/v2\/media\/239"}],"wp:attachment":[{"href":"https:\/\/www.pamelatarget.com\/index.php\/wp-json\/wp\/v2\/media?parent=324"}],"curies":[{"name":"wp","href":"https:\/\/api.w.org\/{rel}","templated":true}]}}