{"id":308,"date":"2018-01-27T21:40:25","date_gmt":"2018-01-27T20:40:25","guid":{"rendered":"https:\/\/www.pamelatarget.com\/?page_id=308"},"modified":"2018-09-23T10:14:38","modified_gmt":"2018-09-23T08:14:38","slug":"avant-premiere-vip-club","status":"publish","type":"page","link":"https:\/\/www.pamelatarget.com\/index.php\/avant-premiere-vip-club\/","title":{"rendered":"Avant-Premi\u00e8re  VIP Club"},"content":{"rendered":"<p>Tu veux \u00e9couter l&rsquo;\u00e9pisode 1 de <span style=\"color: #ffff00;\">Pamela Target<\/span> en exclu mondiale ?<\/p>\n<p>T&rsquo;es au bon endroit, my Friend.<\/p>\n<p>[contact-form-7 id=\u00a0\u00bb303&Prime; title=\u00a0\u00bbInscription Club VIP\u00a0\u00bb]<\/p>\n<p>&nbsp;<\/p>\n<p>*obligatoire<\/p>\n<p>&nbsp;<\/p>\n","protected":false},"excerpt":{"rendered":"<p>Tu veux \u00e9couter l&rsquo;\u00e9pisode 1 de Pamela Target en exclu mondiale ? T&rsquo;es au bon endroit, my Friend. [contact-form-7 id=\u00a0\u00bb303&Prime; title=\u00a0\u00bbInscription Club VIP\u00a0\u00bb] &nbsp; *obligatoire &nbsp;<\/p>\n","protected":false},"author":2,"featured_media":0,"parent":0,"menu_order":0,"comment_status":"closed","ping_status":"closed","template":"","meta":{"footnotes":""},"class_list":["post-308","page","type-page","status-publish","hentry"],"_links":{"self":[{"href":"https:\/\/www.pamelatarget.com\/index.php\/wp-json\/wp\/v2\/pages\/308","targetHints":{"allow":["GET"]}}],"collection":[{"href":"https:\/\/www.pamelatarget.com\/index.php\/wp-json\/wp\/v2\/pages"}],"about":[{"href":"https:\/\/www.pamelatarget.com\/index.php\/wp-json\/wp\/v2\/types\/page"}],"author":[{"embeddable":true,"href":"https:\/\/www.pamelatarget.com\/index.php\/wp-json\/wp\/v2\/users\/2"}],"replies":[{"embeddable":true,"href":"https:\/\/www.pamelatarget.com\/index.php\/wp-json\/wp\/v2\/comments?post=308"}],"version-history":[{"count":7,"href":"https:\/\/www.pamelatarget.com\/index.php\/wp-json\/wp\/v2\/pages\/308\/revisions"}],"predecessor-version":[{"id":323,"href":"https:\/\/www.pamelatarget.com\/index.php\/wp-json\/wp\/v2\/pages\/308\/revisions\/323"}],"wp:attachment":[{"href":"https:\/\/www.pamelatarget.com\/index.php\/wp-json\/wp\/v2\/media?parent=308"}],"curies":[{"name":"wp","href":"https:\/\/api.w.org\/{rel}","templated":true}]}}