{"id":2999,"date":"2019-07-11T12:31:11","date_gmt":"2019-07-11T10:31:11","guid":{"rendered":"https:\/\/www.pamelatarget.com\/?page_id=2999"},"modified":"2019-07-22T23:26:09","modified_gmt":"2019-07-22T21:26:09","slug":"pt-s02-e17-rambo-et-la-chocolaterie","status":"publish","type":"page","link":"https:\/\/www.pamelatarget.com\/index.php\/pt-s02-e17-rambo-et-la-chocolaterie\/","title":{"rendered":"PT S02 E17: Rambo et la chocolaterie"},"content":{"rendered":"<h2 style=\"text-align: center;\"><strong>PT S02 E17: Rambo et la chocolaterie<br \/>\n<\/strong><\/h2>\n<p style=\"text-align: center;\">Quatre cochons dingues s&rsquo;enfoncent dans les caves de la chocolaterie clandestine \u00e0 la d\u00e9couverte du secret de la mousse au chocolat addictive&#8230;<\/p>\n<p style=\"text-align: center;\">Branche tes \u00e9couteurs et Bim ! Lance la lecture :<\/p>\n<p>https:\/\/radiopublic.com\/pamela-target-8XR1ee\/ep\/s1!91dae<\/p>\n<p style=\"text-align: center;\">Pour avoir de nos nouvelles et d\u00e9couvrir des bonus,<\/p>\n<p style=\"text-align: center;\">c&rsquo;est ici<strong> <a href=\"https:\/\/www.pamelatarget.com\/index.php\/vip-club\/\">CLUB VIP PAMELA TARGET<\/a><\/strong><\/p>\n<h3><strong>CREDITS<\/strong><\/h3>\n<p><strong>Ecrit par<\/strong> Katia Grivot, David Neau et Pascal Senicourt<\/p>\n<p><strong>R\u00e9alis\u00e9, mont\u00e9 et mix\u00e9<\/strong> <strong>par<\/strong> Katia Grivot<\/p>\n<p><strong>Anim\u00e9 pour Youtube par<\/strong> Pascal Senicourt<\/p>\n<p>&nbsp;<\/p>\n<h3><strong>Musiques <\/strong><\/h3>\n<p>G\u00e9n\u00e9rique par Domingo Olmo Martin, alias King of Punk<\/p>\n<p>&nbsp;<\/p>\n<h3><strong>Par ordre d&rsquo;apparition<\/strong><\/h3>\n<p>Augusto : David Neau<\/p>\n<p>Rambo : David Chamalet<\/p>\n<p>Elgringodejakvabro : Dasara\u00ef-Yos<\/p>\n<p>Domingo : J\u00e9r\u00f4me Th\u00e9venet<\/p>\n<p>&nbsp;<\/p>\n<h3><strong>Cr\u00e9dits sons <\/strong><\/h3>\n<p>Dans cet e\u0301pisode de nombreux sons sont tire\u0301s de <strong>Freesound<\/strong>. Voici l\u2019ensemble des cre\u0301dits concerne\u0301s :<br \/>\n<bR><br \/>\n<a href=\"https:\/\/freesound.org\/people\/eneasz\/sounds\/162268\/\" target=\"_blank\" rel=\"noopener\">dog-on-stairs_1.wav<\/a><br \/>\n<a href=\"https:\/\/freesound.org\/people\/maxdemianagl\/sounds\/183602\/\" target=\"_blank\" rel=\"noopener\">body-impact-wood.aiff<\/a><br \/>\n<a href=\"https:\/\/freesound.org\/people\/spookymodem\/sounds\/202100\/\" target=\"_blank\" rel=\"noopener\">goblin-scream.wav<\/a><br \/>\n<a href=\"https:\/\/freesound.org\/people\/duckduckpony\/sounds\/204016\/\" target=\"_blank\" rel=\"noopener\">clothing-shirtsandpants-rustling (4)_1.wav<\/a><br \/>\n<a href=\"https:\/\/freesound.org\/people\/viertelnachvier\/sounds\/249637\/\" target=\"_blank\" rel=\"noopener\">factory2 (1)-24b.wav<\/a><br \/>\n<a href=\"https:\/\/freesound.org\/people\/samvanzoest\/sounds\/249743\/\" target=\"_blank\" rel=\"noopener\">falling-and-moaning.aiff<\/a><br \/>\n<a href=\"https:\/\/freesound.org\/people\/rhapsodize\/sounds\/255111\/\" target=\"_blank\" rel=\"noopener\">cinematicboom-re-created-rhapsodize.wav<\/a><br \/>\n<a href=\"https:\/\/freesound.org\/people\/jennerallydrawing\/sounds\/260907\/\" target=\"_blank\" rel=\"noopener\">erin-gremlin-coughs.wav<\/a><br \/>\n<a href=\"https:\/\/freesound.org\/people\/tyops\/sounds\/263998\/\" target=\"_blank\" rel=\"noopener\">scary-suspense.wav<\/a><br \/>\n<a href=\"https:\/\/freesound.org\/people\/skradz\/sounds\/268166\/\" target=\"_blank\" rel=\"noopener\">falling-on-floor.wav<\/a><br \/>\n<a href=\"https:\/\/freesound.org\/people\/gfl7\/sounds\/276956\/\" target=\"_blank\" rel=\"noopener\">awp-reload-sound (1).wav<\/a><br \/>\n<a href=\"https:\/\/freesound.org\/people\/ylearkisto\/sounds\/322871\/\" target=\"_blank\" rel=\"noopener\">kivimurskaamo-kivilouhos-quarry-crushing-plant-crusher-breaker-big-jaws-crushing-pounding-rocks.wav<\/a><br \/>\n<a href=\"https:\/\/freesound.org\/people\/adam-n\/sounds\/325270\/\" target=\"_blank\" rel=\"noopener\">body-fall-1 (1).wav<\/a><br \/>\n<a href=\"https:\/\/freesound.org\/people\/inspectorj\/sounds\/346212\/\" target=\"_blank\" rel=\"noopener\">door-squeak-normal-d.wav<\/a><br \/>\n<a href=\"https:\/\/freesound.org\/people\/inspectorj\/sounds\/352102\/\" target=\"_blank\" rel=\"noopener\">splash-jumping-h.wav<\/a><br \/>\n<a href=\"https:\/\/freesound.org\/people\/elliotrambach\/sounds\/371279\/\" target=\"_blank\" rel=\"noopener\">dog-gremlin.wav<\/a><br \/>\n<a href=\"https:\/\/freesound.org\/people\/eflexmusic\/sounds\/372224\/\" target=\"_blank\" rel=\"noopener\">bodyfall-mixed.wav<\/a><br \/>\n<a href=\"https:\/\/freesound.org\/people\/eflexmusic\/sounds\/372224\/\" target=\"_blank\" rel=\"noopener\">bodyfall-mixed_1.wav<\/a><br \/>\n<a href=\"https:\/\/freesound.org\/people\/taure\/sounds\/387068\/\" target=\"_blank\" rel=\"noopener\">chitter-24b_1.wav<\/a><br \/>\n<a href=\"https:\/\/freesound.org\/people\/taure\/sounds\/387068\/\" target=\"_blank\" rel=\"noopener\">chitter-24b_2.wav<\/a><br \/>\n<a href=\"https:\/\/freesound.org\/people\/dbkeebler\/sounds\/403677\/\" target=\"_blank\" rel=\"noopener\">sfx-falling-body.wav<\/a><br \/>\n<a href=\"https:\/\/freesound.org\/people\/deathscyp\/sounds\/404049\/\" target=\"_blank\" rel=\"noopener\">breaker-1.wav<\/a><br \/>\n<a href=\"https:\/\/freesound.org\/people\/richerlandtv\/sounds\/435748\/\" target=\"_blank\" rel=\"noopener\">guineapig.wav<\/a><br \/>\n<a href=\"https:\/\/freesound.org\/people\/kyles\/sounds\/454067\/\" target=\"_blank\" rel=\"noopener\">light-bulb-hum-buzz3.wav<\/a><br \/>\n<a href=\"https:\/\/freesound.org\/people\/kooust\/sounds\/455536\/\" target=\"_blank\" rel=\"noopener\">bodyfall-on-carpet.wav<\/a><br \/>\n<a href=\"https:\/\/freesound.org\/people\/15gpanskabokstefflova-nicola\/sounds\/461521\/\" target=\"_blank\" rel=\"noopener\">dog-running-on-wood-floor-1.wav<\/a><br \/>\n<a href=\"https:\/\/freesound.org\/people\/razzvio\/sounds\/79569\/\" target=\"_blank\" rel=\"noopener\">metal-sheet-bang_1.wav<\/a><br \/>\n<a href=\"https:\/\/freesound.org\/people\/movingplaid\/sounds\/88551\/\" target=\"_blank\" rel=\"noopener\">slap-concrete-01.wav<\/a><br \/>\n<a href=\"https:\/\/freesound.org\/people\/cjosephwalker\/sounds\/94851\/\" target=\"_blank\" rel=\"noopener\">foley-body-fall-impact.wav<\/a><br \/>\nRumba_Sabor.wav par Jimmy fontanez<\/p>\n<h2><strong>Tu peux aussi choisir un autre moyen d\u2019\u00e9coute. T\u2019inqui\u00e8te, c\u2019est gratuit :<\/strong><\/h2>\n<div class=\"aligncenter\"><a href=\"https:\/\/itunes.apple.com\/fr\/podcast\/pamela-target-saison-1\/id1347089265?mt=2\" target=\"_blank\" rel=\"noopener\"><img decoding=\"async\" class=\"size-medium wp-image-479 aligncenter\" src=\"https:\/\/www.pamelatarget.com\/wp-content\/uploads\/2018\/02\/Get_it_on_iTunes_Badge_FR_1114-300x109.png\" alt=\"\" width=\"200\" srcset=\"https:\/\/www.pamelatarget.com\/wp-content\/uploads\/2018\/02\/Get_it_on_iTunes_Badge_FR_1114-300x109.png 300w, https:\/\/www.pamelatarget.com\/wp-content\/uploads\/2018\/02\/Get_it_on_iTunes_Badge_FR_1114-768x279.png 768w, https:\/\/www.pamelatarget.com\/wp-content\/uploads\/2018\/02\/Get_it_on_iTunes_Badge_FR_1114-1024x372.png 1024w, https:\/\/www.pamelatarget.com\/wp-content\/uploads\/2018\/02\/Get_it_on_iTunes_Badge_FR_1114.png 1194w\" sizes=\"(max-width: 300px) 100vw, 300px\" \/><\/a><a href=\"https:\/\/soundcloud.com\/user-149328996\/pts02e01-quelle-belle-journee-a-la-madmax\" target=\"_blank\" rel=\"noopener\"><img decoding=\"async\" class=\"size-medium wp-image-477 aligncenter\" src=\"https:\/\/www.pamelatarget.com\/wp-content\/uploads\/2018\/02\/SoundCloud_logo_orange_color_plain.svg_-300x171.png\" alt=\"\" width=\"200\" srcset=\"https:\/\/www.pamelatarget.com\/wp-content\/uploads\/2018\/02\/SoundCloud_logo_orange_color_plain.svg_-300x171.png 300w, https:\/\/www.pamelatarget.com\/wp-content\/uploads\/2018\/02\/SoundCloud_logo_orange_color_plain.svg_-768x438.png 768w, https:\/\/www.pamelatarget.com\/wp-content\/uploads\/2018\/02\/SoundCloud_logo_orange_color_plain.svg_-1024x584.png 1024w, https:\/\/www.pamelatarget.com\/wp-content\/uploads\/2018\/02\/SoundCloud_logo_orange_color_plain.svg_.png 1200w\" sizes=\"(max-width: 300px) 100vw, 300px\" \/><\/a><a href=\"https:\/\/www.deezer.com\/fr\/episode\/5987417\" target=\"_blank\" rel=\"noopener\"><img decoding=\"async\" class=\"size-medium wp-image-574 aligncenter\" src=\"https:\/\/www.pamelatarget.com\/wp-content\/uploads\/2018\/02\/deezer-logo-300x168.png\" alt=\"\" width=\"200\" \/><\/a><a href=\"https:\/\/spoti.fi\/2OJzwUS\" target=\"_blank\" rel=\"noopener\"><img loading=\"lazy\" decoding=\"async\" width=\"300\" height=\"90\" class=\"size-medium wp-image-1572 aligncenter\" src=\"https:\/\/www.pamelatarget.com\/wp-content\/uploads\/2018\/11\/Spotify_Logo_RGB_Green-300x90.png\" alt=\"\" \/><\/a><a href=\"https:\/\/radiopublic.com\/pamela-target-8XR1ee\" target=\"_blank\" rel=\"noopener\"><img decoding=\"async\" class=\"size-medium wp-image-1572 aligncenter\" src=\"https:\/\/www.pamelatarget.com\/wp-content\/uploads\/2019\/02\/radiopublic.png\" alt=\"\" \/><\/a><\/div>\n<p><!--more--><\/p>\n<h2><\/h2>\n<h2 style=\"text-align: center;\"><strong>Retranscription de l&rsquo;\u00e9pisode<\/strong><\/h2>\n<div style=\"text-align: center;\">\n<div class=\"audiolibrary-column audiolibrary-column-title\">\n<div>texte prot\u00e9g\u00e9 &#8211; reproduction interdite sans l&rsquo;accord des auteurs<\/div>\n<div><\/div>\n<\/div>\n<\/div>\n<div style=\"text-align: center;\">\n<div>\n<div class=\"audiolibrary-column audiolibrary-column-title\">INT.JOUR CHOCOLATERIE<\/div>\n<div class=\"audiolibrary-column audiolibrary-column-title\">Ambiance chocolaterie, souffle et m\u00e9canisme des machines.<\/div>\n<div><\/div>\n<\/div>\n<div class=\"audiolibrary-column audiolibrary-column-title\">EL GRINGO<\/div>\n<div class=\"audiolibrary-column audiolibrary-column-title\">Attendez ! Non, non, c\u2019est dans les caves, l\u00e0 en-bas, je vous montre, je vous jure ! Suivez-moi !<\/div>\n<div><\/div>\n<div class=\"audiolibrary-column audiolibrary-column-title\">AUGUSTO<\/div>\n<div class=\"audiolibrary-column audiolibrary-column-title\">H\u00e9, les gars, c\u2019est peut-\u00eatre un traquenard.<\/div>\n<div><\/div>\n<div class=\"audiolibrary-column audiolibrary-column-title\">RAMBO<\/div>\n<div class=\"audiolibrary-column audiolibrary-column-title\">Ouais, un pi\u00e8ge du gang des marmottes, c\u2019est \u00e7a ? T\u2019es vraiment un trouillard Augusto ! Tu descends le premier !<\/div>\n<div><\/div>\n<div class=\"audiolibrary-column audiolibrary-column-title\">Porte qui s\u2019ouvre,<\/div>\n<div><\/div>\n<\/div>\n<div style=\"text-align: center;\">\n<div>INT\/JOUR CAVE CHOCOLATERIE CLANDESTINE<\/div>\n<div>ambiance plus sombre, pas dans escalier.<\/div>\n<\/div>\n<div style=\"text-align: center;\"><\/div>\n<div style=\"text-align: center;\">\n<div class=\"audiolibrary-column audiolibrary-column-title\">DOMINGO<\/div>\n<div class=\"audiolibrary-column audiolibrary-column-title\">On voit rien dans les escaliers, h\u00e9 El Gato, allume !<\/div>\n<div><\/div>\n<div class=\"audiolibrary-column audiolibrary-column-title\">EL GRINGO<\/div>\n<div class=\"audiolibrary-column audiolibrary-column-title\">no puedo. Y a treis commandemant\u00e8s \u00e0 respecter.<\/div>\n<div class=\"audiolibrary-column audiolibrary-column-title\">Pas allumer la lumi\u00e8re, pas jouer avec les cojones des marmottes et pas sauter dans le broyeur.<\/div>\n<div><\/div>\n<div class=\"audiolibrary-column audiolibrary-column-title\">RAMBO<\/div>\n<div class=\"audiolibrary-column audiolibrary-column-title\">Arr\u00eate de nous prendre pour des cons ! allume ou je te vide mon M-60 dans la cervelle !<\/div>\n<div><\/div>\n<div class=\"audiolibrary-column audiolibrary-column-title\">EL GRINGO<\/div>\n<div class=\"audiolibrary-column audiolibrary-column-title\">Ok, ok, j\u2019allume, tirez pas.<\/div>\n<div><\/div>\n<div class=\"audiolibrary-column audiolibrary-column-title\">Clac d\u2019interrupteur. mastication de f\u00e8ve et son du broyeur.<\/div>\n<div><\/div>\n<div class=\"audiolibrary-column audiolibrary-column-title\">DOMINGO, AUGUSTO, RAMBO<\/div>\n<div class=\"audiolibrary-column audiolibrary-column-title\">\u00e7a alors !<\/div>\n<div><\/div>\n<div class=\"audiolibrary-column audiolibrary-column-title\">EL GRINGO<\/div>\n<div class=\"audiolibrary-column audiolibrary-column-title\">J\u00e9 vous l\u2019avais dit. Vous n\u2019allez pas me tuer, hein ?<\/div>\n<div><\/div>\n<div class=\"audiolibrary-column audiolibrary-column-title\">AUGUSTO<\/div>\n<div class=\"audiolibrary-column audiolibrary-column-title\">OUAH ! Y a plein de marmottes en train de bouffer des f\u00e8ves.<\/div>\n<div><\/div>\n<div class=\"audiolibrary-column audiolibrary-column-title\">DOMINGO(un peu d\u00e9gout\u00e9)<\/div>\n<div class=\"audiolibrary-column audiolibrary-column-title\">h\u00e9 ! mais qu\u2019est-ce qu\u2019elles font, l\u00e0 ?<\/div>\n<div><\/div>\n<div class=\"audiolibrary-column audiolibrary-column-title\">AUGUSTO<\/div>\n<div class=\"audiolibrary-column audiolibrary-column-title\">C\u2019est \u00e9vident , elles chient dans ce gros broyeur et hop,<\/div>\n<div class=\"audiolibrary-column audiolibrary-column-title\">tout remonte dans les tuyaux jusqu\u2019\u00e0 la cuve de mousse au chocolat l\u00e0-haut.<\/div>\n<div><\/div>\n<div class=\"audiolibrary-column audiolibrary-column-title\">EL GRINGO<\/div>\n<div class=\"audiolibrary-column audiolibrary-column-title\">H\u00e9, faut \u00e9teindre maintenant, hein ?<\/div>\n<div><\/div>\n<div class=\"audiolibrary-column audiolibrary-column-title\">RAMBO<\/div>\n<div class=\"audiolibrary-column audiolibrary-column-title\">J\u2019esp\u00e8re pour toi que c\u2019est pas une embrouille, ok ? allez, \u00e9teint augusto !<\/div>\n<div><\/div>\n<div class=\"audiolibrary-column audiolibrary-column-title\">AUGUSTO<\/div>\n<div class=\"audiolibrary-column audiolibrary-column-title\">Mais Pourquoi ? elles ont pas l\u2019air de s\u2019en faire les marmottes?<\/div>\n<div><\/div>\n<div class=\"audiolibrary-column audiolibrary-column-title\">EL GRINGO<\/div>\n<div class=\"audiolibrary-column audiolibrary-column-title\">elle ne supportent pas que quelqu\u2019un regardent leur cojones<\/div>\n<div><\/div>\n<div class=\"audiolibrary-column audiolibrary-column-title\">AUGUSTO<\/div>\n<div class=\"audiolibrary-column audiolibrary-column-title\">leurs coucougnettes l\u00e0 !<\/div>\n<div><\/div>\n<div class=\"audiolibrary-column audiolibrary-column-title\">Cris de la marmotte, cris des autres marmottes.<\/div>\n<div><\/div>\n<div class=\"audiolibrary-column audiolibrary-column-title\">EL GRINGO<\/div>\n<div class=\"audiolibrary-column audiolibrary-column-title\">Nooon, vous les avez effleur\u00e9e, elles se sont rendues comptes qu\u2019elles sont expos\u00e9es. s\u00e1lvese quien pueda ! Sauve qui peut !<\/div>\n<div><\/div>\n<div class=\"audiolibrary-column audiolibrary-column-title\">DOMINGO<\/div>\n<div class=\"audiolibrary-column audiolibrary-column-title\">Putain, Les marmottes elles en ont apr\u00e8s toi Augusto ! Barre-toi !<\/div>\n<div><\/div>\n<div class=\"audiolibrary-column audiolibrary-column-title\">AUGUSTO<\/div>\n<div class=\"audiolibrary-column audiolibrary-column-title\">Au secours ! elles me pourchassent!<\/div>\n<\/div>\n<div><\/div>\n<div>\n<div style=\"text-align: center;\">RAMBO<\/div>\n<div style=\"text-align: center;\">Par ici Augusto, je leur ai balanc\u00e9 El Grumo pour faire diversion !<\/div>\n<div style=\"text-align: center;\"><\/div>\n<div style=\"text-align: center;\">EL GRINGO<\/div>\n<div style=\"text-align: center;\">Non, noon, piti\u00e9, pas \u00e7a ! haaaaaa !<\/div>\n<div style=\"text-align: center;\"><\/div>\n<div style=\"text-align: center;\">DOMINGO<\/div>\n<div style=\"text-align: center;\">Ca a march\u00e9, les marmottes se sont jet\u00e9es sur El Crapo ! Vite augusto !<\/div>\n<div style=\"text-align: center;\"><\/div>\n<div style=\"text-align: center;\">Ils remontent les escaliers en courant.Cris de douleur de El Gringo.<\/div>\n<div style=\"text-align: center;\"><\/div>\n<div style=\"text-align: center;\">DOMINGO<\/div>\n<div style=\"text-align: center;\">El Gadjo se d\u00e9bat comme un fou contre toutes les marmottes ! Putain! elles mordent fort !<\/div>\n<div style=\"text-align: center;\"><\/div>\n<div style=\"text-align: center;\">EL GRINGO<\/div>\n<div style=\"text-align: center;\">A l\u2019aide !! elles m\u2019entra\u00eenent vers le broyeur !!!<\/div>\n<div style=\"text-align: center;\"><\/div>\n<div style=\"text-align: center;\">AUGUSTO(essouffl\u00e9)<\/div>\n<div style=\"text-align: center;\">Merci les gars. Un peu plus c\u2019\u00e9tait moi qui&#8230;<\/div>\n<div style=\"text-align: center;\"><\/div>\n<div style=\"text-align: center;\">bruit de chute. Cri de El Gringo d\u00e9chir\u00e9 par le broyeur.<\/div>\n<div style=\"text-align: center;\"><\/div>\n<div style=\"text-align: center;\">RAMBO<\/div>\n<div style=\"text-align: center;\">Le con, il est tomb\u00e9 dans le broyeur.<\/div>\n<div style=\"text-align: center;\"><\/div>\n<div style=\"text-align: center;\">DOMINGO<\/div>\n<div style=\"text-align: center;\">C\u2019\u00e9tait bien la peine de dire qu\u2019il fallait surtout pas tomber dedans! Quel con.<\/div>\n<div style=\"text-align: center;\"><\/div>\n<div style=\"text-align: center;\">AUGUSTO<\/div>\n<div style=\"text-align: center;\">Euh, c\u2019est moi o\u00f9 les marmottes nous regardent bizarrement ?<\/div>\n<div><\/div>\n<div style=\"text-align: center;\">Clac interrupteur!<\/div>\n<div><\/div>\n<div style=\"text-align: center;\">AUGUSTO<\/div>\n<div style=\"text-align: center;\">ah ! la lumi\u00e8re s\u2019est \u00e9teinte.<\/div>\n<div style=\"text-align: center;\"><\/div>\n<div style=\"text-align: center;\">RAMBO(murmurant)<\/div>\n<div style=\"text-align: center;\">Imb\u00e9cile ! C\u2019est moi qui ai \u00e9teint. Fermez-la, on se casse en douceur.<\/div>\n<div><\/div>\n<\/div>\n<div>\n<div style=\"text-align: center;\">EL GRINGO<\/div>\n<div style=\"text-align: center;\">Non,\u00a0 piti\u00e9, noon ! haaaaaa !<\/div>\n<\/div>\n<div>\n<div style=\"text-align: center;\"><\/div>\n<div style=\"text-align: center;\">Fermeture de la porte de la cave.<\/div>\n<\/div>\n<div style=\"text-align: center;\">\n<div style=\"text-align: center;\"><\/div>\n<\/div>\n<div style=\"text-align: center;\">A SUIVRE&#8230;<\/div>\n","protected":false},"excerpt":{"rendered":"<p>PT S02 E17: Rambo et la chocolaterie Quatre cochons dingues s&rsquo;enfoncent dans les caves de la chocolaterie clandestine \u00e0 la d\u00e9couverte du secret de la mousse au chocolat addictive&#8230; Branche tes \u00e9couteurs et Bim ! Lance la lecture : https:\/\/radiopublic.com\/pamela-target-8XR1ee\/ep\/s1!91dae Pour avoir de nos nouvelles et d\u00e9couvrir des bonus, c&rsquo;est ici CLUB VIP PAMELA TARGET [&hellip;]<\/p>\n","protected":false},"author":1,"featured_media":3056,"parent":0,"menu_order":0,"comment_status":"closed","ping_status":"closed","template":"","meta":{"footnotes":""},"class_list":["post-2999","page","type-page","status-publish","has-post-thumbnail","hentry"],"_links":{"self":[{"href":"https:\/\/www.pamelatarget.com\/index.php\/wp-json\/wp\/v2\/pages\/2999","targetHints":{"allow":["GET"]}}],"collection":[{"href":"https:\/\/www.pamelatarget.com\/index.php\/wp-json\/wp\/v2\/pages"}],"about":[{"href":"https:\/\/www.pamelatarget.com\/index.php\/wp-json\/wp\/v2\/types\/page"}],"author":[{"embeddable":true,"href":"https:\/\/www.pamelatarget.com\/index.php\/wp-json\/wp\/v2\/users\/1"}],"replies":[{"embeddable":true,"href":"https:\/\/www.pamelatarget.com\/index.php\/wp-json\/wp\/v2\/comments?post=2999"}],"version-history":[{"count":10,"href":"https:\/\/www.pamelatarget.com\/index.php\/wp-json\/wp\/v2\/pages\/2999\/revisions"}],"predecessor-version":[{"id":3127,"href":"https:\/\/www.pamelatarget.com\/index.php\/wp-json\/wp\/v2\/pages\/2999\/revisions\/3127"}],"wp:featuredmedia":[{"embeddable":true,"href":"https:\/\/www.pamelatarget.com\/index.php\/wp-json\/wp\/v2\/media\/3056"}],"wp:attachment":[{"href":"https:\/\/www.pamelatarget.com\/index.php\/wp-json\/wp\/v2\/media?parent=2999"}],"curies":[{"name":"wp","href":"https:\/\/api.w.org\/{rel}","templated":true}]}}