{"id":1040,"date":"2018-07-18T15:05:58","date_gmt":"2018-07-18T13:05:58","guid":{"rendered":"https:\/\/www.pamelatarget.com\/?page_id=1040"},"modified":"2018-09-23T17:57:59","modified_gmt":"2018-09-23T15:57:59","slug":"pt-s01e21-credits-2","status":"publish","type":"page","link":"https:\/\/www.pamelatarget.com\/index.php\/pt-s01e21-credits-2\/","title":{"rendered":"PTS01E21 &#8211; Un conseil qui part en couilles \u00e0 la Kaamelott"},"content":{"rendered":"<h3 style=\"text-align: center;\"><strong>PTS01E21 : Un conseil qui part en couilles \u00e0 la Kaamelott<\/strong><\/h3>\n<p style=\"text-align: center;\"><em>Alors que Darryl Charwin le cr\u00e9ateur de l\u2019arche est en voyage et que Bruce l&rsquo;\u00e9meu, le chef de la s\u00e9curit\u00e9 a disparu, les habitants ont r\u00e9agi et \u00e9lu un conseil. <\/em><em>Ils sont trois et d\u00e8s la premi\u00e8re r\u00e9union, on peut dire que \u00ab y a une ambiance de merde ! \u00bb\u00a0<\/em><\/p>\n<p style=\"text-align: center;\">Branche tes \u00e9couteurs et Bim ! Lance la lecture :<\/p>\n<p>&nbsp;<\/p>\n<p><iframe loading=\"lazy\" src=\"https:\/\/w.soundcloud.com\/player\/?url=https%3A\/\/api.soundcloud.com\/tracks\/473367303&amp;color=%23ff5500&amp;auto_play=false&amp;hide_related=false&amp;show_comments=true&amp;show_user=true&amp;show_reposts=false&amp;show_teaser=true\" width=\"100%\" height=\"166\" frameborder=\"no\" scrolling=\"no\"><\/iframe><\/p>\n<p>&nbsp;<\/p>\n<p style=\"text-align: center;\">Pour ne pas rater les prochains \u00e9pisodes et si tu n&rsquo;es pas encore abonn\u00e9,<\/p>\n<p style=\"text-align: center;\">c&rsquo;est ici<span style=\"color: #800080;\"><strong> <a style=\"color: #800080;\" href=\"https:\/\/www.pamelatarget.com\/index.php\/vip-club\/\">CLUB VIP PAMELA TARGET<\/a>\u00a0<\/strong><\/span><\/p>\n<p><img loading=\"lazy\" decoding=\"async\" class=\"size-medium wp-image-1042 aligncenter\" src=\"https:\/\/www.pamelatarget.com\/wp-content\/uploads\/2018\/07\/POCHETTE-PT-S01E21-soundcloud-300-300x300.png\" alt=\"\" width=\"300\" height=\"300\" srcset=\"https:\/\/www.pamelatarget.com\/wp-content\/uploads\/2018\/07\/POCHETTE-PT-S01E21-soundcloud-300-300x300.png 300w, https:\/\/www.pamelatarget.com\/wp-content\/uploads\/2018\/07\/POCHETTE-PT-S01E21-soundcloud-300-150x150.png 150w, https:\/\/www.pamelatarget.com\/wp-content\/uploads\/2018\/07\/POCHETTE-PT-S01E21-soundcloud-300-768x768.png 768w, https:\/\/www.pamelatarget.com\/wp-content\/uploads\/2018\/07\/POCHETTE-PT-S01E21-soundcloud-300-1024x1024.png 1024w\" sizes=\"auto, (max-width: 300px) 100vw, 300px\" \/><\/p>\n<p>&nbsp;<\/p>\n<h3>\u00a0<strong>CREDITS<\/strong><\/h3>\n<p><strong>Ecrit par<\/strong> Katia Grivot, David Neau et Pascal Senicourt<\/p>\n<p><strong>R\u00e9alis\u00e9, mont\u00e9 et mix\u00e9<\/strong> <strong>par<\/strong> Katia Grivot<\/p>\n<p><strong>Anim\u00e9 pour Youtube par<\/strong> Pascal Senicourt<\/p>\n<p><strong>Musiques <\/strong><\/p>\n<p>g\u00e9n\u00e9riques\u00a0par Domingo Olmo Martin<\/p>\n<div>\n<div class=\"music-attribution license\"><span class=\"attribution_title\">Lord of the Land<\/span>\u00a0par\u00a0<span class=\"attribution_artist\">Kevin MacLeod<\/span>\u00a0est distribu\u00e9 sous la licence\u00a0<span class=\"attribution_license\">Creative Commons Attribution<\/span>\u00a0(<a href=\"https:\/\/creativecommons.org\/licenses\/by\/4.0\/\" target=\"blank\" rel=\"noopener\">https:\/\/creativecommons.org\/licenses\/by\/4.0\/<\/a>)<\/div>\n<div class=\"music-attribution track\">Source\u00a0:\u00a0<a href=\"http:\/\/incompetech.com\/music\/royalty-free\/index.html?isrc=USUAN1400022\" target=\"blank\" rel=\"noopener\">http:\/\/incompetech.com\/music\/royalty-free\/index.html?isrc=USUAN1400022<\/a><\/div>\n<div class=\"music-attribution artist\">Artiste\u00a0:\u00a0<a href=\"http:\/\/incompetech.com\/\" target=\"blank\" rel=\"noopener\">__url_artiste__<\/a><\/div>\n<div class=\"music-attribution artist\"><\/div>\n<div class=\"music-attribution artist\">\n<div class=\"audiolibrary-column audiolibrary-column-title\">Mean Streetz by Mk2<\/div>\n<\/div>\n<div class=\"music-attribution artist\"><\/div>\n<div>\n<div class=\"audiolibrary-column audiolibrary-column-title\">Hang for Days by Silent Partner<\/div>\n<div><\/div>\n<\/div>\n<\/div>\n<h6><\/h6>\n<h6><strong>Par ordre d\u2019apparition<\/strong><\/h6>\n<p>Korragen le corbeau : Frans Boyer<\/p>\n<p>Titus le Tigre : R\u00e9gis Chaussard<\/p>\n<p>Victoria la Tortue : La_Nonovision<\/p>\n<p>Peter Pan Pan : Domingo Olmo Martin<\/p>\n<p>Julius Washington le Hamster : Domingo Olmo Martin<\/p>\n<p>&nbsp;<\/p>\n<div>\n<div>\n<div class=\"audiolibrary-column audiolibrary-column-title\">Dans cet e\u0301pisode de nombreux sons sont tire\u0301s de Freesound. Voici l\u2019ensemble des cre\u0301dits concerne\u0301s :<\/div>\n<\/div>\n<\/div>\n<p>S: <a href=\"https:\/\/freesound.org\/people\/colo777\/sounds\/251434\/\" target=\"_blank\" rel=\"noopener\">mlotek.wav<\/a> by <a href=\"https:\/\/freesound.org\/people\/colo777\/\" target=\"_blank\" rel=\"noopener\">colo777<\/a> | <span style=\"color: #808080;\">License: <\/span>Creative Commons 0<\/p>\n<p>S: <a href=\"https:\/\/freesound.org\/people\/zerolagtime\/sounds\/70071\/\" target=\"_blank\" rel=\"noopener\">gavel-triplemad.flac<\/a> by <a href=\"https:\/\/freesound.org\/people\/zerolagtime\/\" target=\"_blank\" rel=\"noopener\">zerolagtime<\/a> | <span style=\"color: #808080;\">License: <\/span>Attribution<\/p>\n<p>S: <a href=\"https:\/\/freesound.org\/people\/freemaster2\/sounds\/402375\/\" target=\"_blank\" rel=\"noopener\">Door slam<\/a> by <a href=\"https:\/\/freesound.org\/people\/freemaster2\/\" target=\"_blank\" rel=\"noopener\">freemaster2<\/a> | <span style=\"color: #808080;\">License: <\/span>Attribution<\/p>\n<p>S: <a href=\"https:\/\/freesound.org\/people\/Dalesome\/sounds\/352719\/\" target=\"_blank\" rel=\"noopener\">Woosh (stick swung in the air)<\/a> by <a href=\"https:\/\/freesound.org\/people\/Dalesome\/\" target=\"_blank\" rel=\"noopener\">Dalesome<\/a> | <span style=\"color: #808080;\">License: <\/span>Creative Commons 0<\/p>\n<p>S: <a href=\"https:\/\/freesound.org\/people\/jsbarrett\/sounds\/321139\/\" target=\"_blank\" rel=\"noopener\">Breaking glass<\/a> by <a href=\"https:\/\/freesound.org\/people\/jsbarrett\/\" target=\"_blank\" rel=\"noopener\">jsbarrett<\/a> | <span style=\"color: #808080;\">License: <\/span>Creative Commons 0<\/p>\n<p>S: <a href=\"https:\/\/freesound.org\/people\/jorickhoofd\/sounds\/179233\/\" target=\"_blank\" rel=\"noopener\">Breaking glass 5<\/a> by <a href=\"https:\/\/freesound.org\/people\/jorickhoofd\/\" target=\"_blank\" rel=\"noopener\">jorickhoofd<\/a> | <span style=\"color: #808080;\">License: <\/span>Attribution<\/p>\n<p>S: <a href=\"https:\/\/freesound.org\/people\/FunWithSound\/sounds\/390715\/\" target=\"_blank\" rel=\"noopener\">Breaking Glass 8.mp3<\/a> by <a href=\"https:\/\/freesound.org\/people\/FunWithSound\/\" target=\"_blank\" rel=\"noopener\">FunWithSound<\/a> | <span style=\"color: #808080;\">License: <\/span>Attribution<\/p>\n<p>S: <a href=\"https:\/\/freesound.org\/people\/gladkiy\/sounds\/276938\/\" target=\"_blank\" rel=\"noopener\">breaking_glass_mirror_Rode_NTG3.wav<\/a> by <a href=\"https:\/\/freesound.org\/people\/gladkiy\/\" target=\"_blank\" rel=\"noopener\">gladkiy<\/a> | <span style=\"color: #808080;\">License: <\/span>Creative Commons 0<\/p>\n<p>S: <a href=\"https:\/\/freesound.org\/people\/coetzee_megan12\/sounds\/365965\/\" target=\"_blank\" rel=\"noopener\">Office chair.wav<\/a> by <a href=\"https:\/\/freesound.org\/people\/coetzee_megan12\/\" target=\"_blank\" rel=\"noopener\">coetzee_megan12<\/a> | <span style=\"color: #808080;\">License: <\/span>Attribution Noncommercial<\/p>\n<p>S: <a href=\"https:\/\/freesound.org\/people\/CGEffex\/sounds\/98816\/\" target=\"_blank\" rel=\"noopener\">Boot &amp; spurs.wav<\/a> by <a href=\"https:\/\/freesound.org\/people\/CGEffex\/\" target=\"_blank\" rel=\"noopener\">CGEffex<\/a> | <span style=\"color: #808080;\">License: <\/span>Attribution<\/p>\n<p>S: <a href=\"https:\/\/freesound.org\/people\/Sirderf\/sounds\/332288\/\" target=\"_blank\" rel=\"noopener\">Chalk &#8211; Screeching &#8211; 03.wav<\/a> by <a href=\"https:\/\/freesound.org\/people\/Sirderf\/\" target=\"_blank\" rel=\"noopener\">Sirderf<\/a> | <span style=\"color: #808080;\">License: <\/span>Attribution<\/p>\n<p>S: <a href=\"https:\/\/freesound.org\/people\/dycmaster\/sounds\/368210\/\" target=\"_blank\" rel=\"noopener\">Motorcycle engine stop<\/a> by <a href=\"https:\/\/freesound.org\/people\/dycmaster\/\" target=\"_blank\" rel=\"noopener\">dycmaster<\/a> | <span style=\"color: #808080;\">License: <\/span>Attribution<\/p>\n<p>S: <a href=\"https:\/\/freesound.org\/people\/allencote\/sounds\/81068\/\" target=\"_blank\" rel=\"noopener\">Harley_01.wav<\/a> by <a href=\"https:\/\/freesound.org\/people\/allencote\/\" target=\"_blank\" rel=\"noopener\">allencote<\/a> | <span style=\"color: #808080;\">License: <\/span>Creative Commons 0<\/p>\n<p>S: <a href=\"https:\/\/freesound.org\/people\/matucha\/sounds\/187021\/\" target=\"_blank\" rel=\"noopener\">harley_passby_01.wav<\/a> by <a href=\"https:\/\/freesound.org\/people\/matucha\/\" target=\"_blank\" rel=\"noopener\">matucha<\/a> | <span style=\"color: #808080;\">License: <\/span>Attribution Noncommercial<\/p>\n<p>S: <a href=\"https:\/\/freesound.org\/people\/qubodup\/sounds\/160213\/\" target=\"_blank\" rel=\"noopener\">Kicking\/Forcing\/Breaking Wooden Door<\/a> by <a href=\"https:\/\/freesound.org\/people\/qubodup\/\" target=\"_blank\" rel=\"noopener\">qubodup<\/a> | <span style=\"color: #808080;\">License: <\/span>Creative Commons 0<\/p>\n<p align=\"left\"><strong>Vignette<\/strong> :<\/p>\n<div>Icons made by <a title=\"Vectors Market\" href=\"https:\/\/www.flaticon.com\/authors\/vectors-market\" target=\"_blank\" rel=\"noopener\">Vectors Market<\/a> from <a title=\"Flaticon\" href=\"https:\/\/www.flaticon.com\/\" target=\"_blank\" rel=\"noopener\">www.flaticon.com<\/a> is licensed by <a title=\"Creative Commons BY 3.0\" href=\"http:\/\/creativecommons.org\/licenses\/by\/3.0\/\" target=\"_blank\" rel=\"noopener\">CC 3.0 BY<\/a><\/div>\n<div><\/div>\n<div><\/div>\n<div>\n<p style=\"text-align: center;\">Tu peux aussi choisir un autre moyen d\u2019\u00e9coute. T\u2019inqui\u00e8te, c\u2019est gratuit :<\/p>\n<p>&nbsp;<\/p>\n<p><a href=\"https:\/\/itunes.apple.com\/fr\/podcast\/pamela-target-saison-1\/id1347089265?mt=2\" target=\"_blank\" rel=\"noopener\"><img loading=\"lazy\" decoding=\"async\" class=\"size-medium wp-image-479 aligncenter\" src=\"https:\/\/www.pamelatarget.com\/wp-content\/uploads\/2018\/02\/Get_it_on_iTunes_Badge_FR_1114-300x109.png\" alt=\"\" width=\"300\" height=\"109\" srcset=\"https:\/\/www.pamelatarget.com\/wp-content\/uploads\/2018\/02\/Get_it_on_iTunes_Badge_FR_1114-300x109.png 300w, https:\/\/www.pamelatarget.com\/wp-content\/uploads\/2018\/02\/Get_it_on_iTunes_Badge_FR_1114-768x279.png 768w, https:\/\/www.pamelatarget.com\/wp-content\/uploads\/2018\/02\/Get_it_on_iTunes_Badge_FR_1114-1024x372.png 1024w, https:\/\/www.pamelatarget.com\/wp-content\/uploads\/2018\/02\/Get_it_on_iTunes_Badge_FR_1114.png 1194w\" sizes=\"auto, (max-width: 300px) 100vw, 300px\" \/><\/a><\/p>\n<p>&nbsp;<\/p>\n<p><a href=\"https:\/\/soundcloud.com\/user-149328996\/pts01e21-un-conseil-a-la-kaamelott\" target=\"_blank\" rel=\"noopener\"><img loading=\"lazy\" decoding=\"async\" class=\"size-medium wp-image-477 aligncenter\" src=\"https:\/\/www.pamelatarget.com\/wp-content\/uploads\/2018\/02\/SoundCloud_logo_orange_color_plain.svg_-300x171.png\" alt=\"\" width=\"300\" height=\"171\" srcset=\"https:\/\/www.pamelatarget.com\/wp-content\/uploads\/2018\/02\/SoundCloud_logo_orange_color_plain.svg_-300x171.png 300w, https:\/\/www.pamelatarget.com\/wp-content\/uploads\/2018\/02\/SoundCloud_logo_orange_color_plain.svg_-768x438.png 768w, https:\/\/www.pamelatarget.com\/wp-content\/uploads\/2018\/02\/SoundCloud_logo_orange_color_plain.svg_-1024x584.png 1024w, https:\/\/www.pamelatarget.com\/wp-content\/uploads\/2018\/02\/SoundCloud_logo_orange_color_plain.svg_.png 1200w\" sizes=\"auto, (max-width: 300px) 100vw, 300px\" \/><\/a><\/p>\n<p>&nbsp;<\/p>\n<p><a href=\"https:\/\/www.deezer.com\/fr\/episode\/5484095\" target=\"_blank\" rel=\"noopener\"><img loading=\"lazy\" decoding=\"async\" class=\"size-medium wp-image-574 aligncenter\" src=\"https:\/\/www.pamelatarget.com\/wp-content\/uploads\/2018\/02\/deezer-logo-300x168.png\" alt=\"\" width=\"300\" height=\"168\" \/><\/a><\/p>\n<\/div>\n","protected":false},"excerpt":{"rendered":"<p>PTS01E21 : Un conseil qui part en couilles \u00e0 la Kaamelott Alors que Darryl Charwin le cr\u00e9ateur de l\u2019arche est en voyage et que Bruce l&rsquo;\u00e9meu, le chef de la s\u00e9curit\u00e9 a disparu, les habitants ont r\u00e9agi et \u00e9lu un conseil. Ils sont trois et d\u00e8s la premi\u00e8re r\u00e9union, on peut dire que \u00ab y [&hellip;]<\/p>\n","protected":false},"author":3,"featured_media":1042,"parent":0,"menu_order":0,"comment_status":"closed","ping_status":"closed","template":"","meta":{"footnotes":""},"class_list":["post-1040","page","type-page","status-publish","has-post-thumbnail","hentry"],"_links":{"self":[{"href":"https:\/\/www.pamelatarget.com\/index.php\/wp-json\/wp\/v2\/pages\/1040","targetHints":{"allow":["GET"]}}],"collection":[{"href":"https:\/\/www.pamelatarget.com\/index.php\/wp-json\/wp\/v2\/pages"}],"about":[{"href":"https:\/\/www.pamelatarget.com\/index.php\/wp-json\/wp\/v2\/types\/page"}],"author":[{"embeddable":true,"href":"https:\/\/www.pamelatarget.com\/index.php\/wp-json\/wp\/v2\/users\/3"}],"replies":[{"embeddable":true,"href":"https:\/\/www.pamelatarget.com\/index.php\/wp-json\/wp\/v2\/comments?post=1040"}],"version-history":[{"count":11,"href":"https:\/\/www.pamelatarget.com\/index.php\/wp-json\/wp\/v2\/pages\/1040\/revisions"}],"predecessor-version":[{"id":1267,"href":"https:\/\/www.pamelatarget.com\/index.php\/wp-json\/wp\/v2\/pages\/1040\/revisions\/1267"}],"wp:featuredmedia":[{"embeddable":true,"href":"https:\/\/www.pamelatarget.com\/index.php\/wp-json\/wp\/v2\/media\/1042"}],"wp:attachment":[{"href":"https:\/\/www.pamelatarget.com\/index.php\/wp-json\/wp\/v2\/media?parent=1040"}],"curies":[{"name":"wp","href":"https:\/\/api.w.org\/{rel}","templated":true}]}}